/* Database generation script for movie listings database
   CSE 444 HOMEWORK 1
   For SQL Server
*/

/* Create tables */

CREATE TABLE [MOVIES] (
	[MovieCode] [varchar] (15) COLLATE SQL_Latin1_General_CP1_CI_AS NOT NULL PRIMARY KEY ,
	[Title] [varchar] (60) COLLATE SQL_Latin1_General_CP1_CI_AS NULL ,
	[Rating] [varchar] (10) COLLATE SQL_Latin1_General_CP1_CI_AS NULL ,
	[Length] [tinyint] NULL 
) ON [PRIMARY]
GO


CREATE TABLE [THEATERS] (
	[TheaterCode] [varchar] (20) COLLATE SQL_Latin1_General_CP1_CI_AS NOT NULL PRIMARY KEY  ,
	[Name] [varchar] (80) COLLATE SQL_Latin1_General_CP1_CI_AS NULL ,
	[Address] [varchar] (80) COLLATE SQL_Latin1_General_CP1_CI_AS NULL ,
	[Phone] [varchar] (20) COLLATE SQL_Latin1_General_CP1_CI_AS NULL 
) ON [PRIMARY]
GO

CREATE TABLE [DISTRICTS] (
	[DistrictCode] [varchar] (20) COLLATE SQL_Latin1_General_CP1_CI_AS NOT NULL PRIMARY KEY ,
	[Name] [varchar] (20) COLLATE SQL_Latin1_General_CP1_CI_AS NULL 
) ON [PRIMARY]
GO

CREATE TABLE [SHOWS] (
	[TheaterCode] [varchar] (20) COLLATE SQL_Latin1_General_CP1_CI_AS NOT NULL References THEATERS ,
	[MovieCode] [varchar] (15) COLLATE SQL_Latin1_General_CP1_CI_AS NOT  NULL References MOVIES,
	[Time] [varchar] (255) COLLATE SQL_Latin1_General_CP1_CI_AS NULL 
) ON [PRIMARY]
GO

CREATE TABLE [BELONGS] (
	[DistrictCode] [varchar] (20) COLLATE SQL_Latin1_General_CP1_CI_AS NOT NULL  References DISTRICTS ,
	[TheaterCode] [varchar] (20) COLLATE SQL_Latin1_General_CP1_CI_AS NOT NULL References THEATERS
) ON [PRIMARY]
GO

/* Insert records into MOVIES table */

insert into MOVIES values ('Movie-001        ','Almost Famous                                   ','R     ',120    )
insert into MOVIES values ('Movie-002        ','Amazon                                          ','NA    ',NULL   )
insert into MOVIES values ('Movie-003        ','Barenaked in America                            ','NR    ',89     )
insert into MOVIES values ('Movie-004        ','Beautiful                                       ','PG-13 ',112    )
insert into MOVIES values ('Movie-005        ','Best in Show                                    ','PG-13 ',90     )
insert into MOVIES values ('Movie-006        ','Bring It On                                     ','PG-13 ',92     )
insert into MOVIES values ('Movie-007        ','Chicken Run                                     ','G     ',85     )
insert into MOVIES values ('Movie-008        ','Dancer In The Dark                              ','R     ',140    )
insert into MOVIES values ('Movie-009        ','Dark Days                                       ','NR    ',84     )
insert into MOVIES values ('Movie-010        ','Digimon: The Movie                              ','PG    ',90     )
insert into MOVIES values ('Movie-011        ','Dr. T and the Women                             ','R     ',121    )
insert into MOVIES values ('Movie-012        ','Everest                                         ','NR    ',NULL   )
insert into MOVIES values ('Movie-013        ','Extreme                                         ','R     ',NULL   )
insert into MOVIES values ('Movie-014        ','Get Carter                                      ','R     ',147    )
insert into MOVIES values ('Movie-015        ','Girlfight                                       ','R     ',110    )
insert into MOVIES values ('Movie-016        ','Human Resources                                 ','NR    ',100    )
insert into MOVIES values ('Movie-017        ','Into The Deep in 3D                             ','NA    ',NULL   )
insert into MOVIES values ('Movie-018        ','Lost Souls                                      ','R     ',102    )
insert into MOVIES values ('Movie-019        ','Meet The Parents                                ','PG-13 ',107    )
insert into MOVIES values ('Movie-020        ','Michael Jordan to the Max                       ','NR    ',NULL   )
insert into MOVIES values ('Movie-021        ','Mysteries of Egypt                              ','NA    ',NULL   )
insert into MOVIES values ('Movie-022        ','Nurse Betty                                     ','R     ',110    )
insert into MOVIES values ('Movie-023        ','Nutty Professor 2: with captions                ','R     ',110    )
insert into MOVIES values ('Movie-024        ','One                                             ','NR    ',102    )
insert into MOVIES values ('Movie-025        ','Place Vendome                                   ','R     ',NULL   )
insert into MOVIES values ('Movie-026        ','Remember the Titans                             ','PG    ',113    )
insert into MOVIES values ('Movie-027        ','Rififi                                          ','NR    ',NULL   )
insert into MOVIES values ('Movie-028        ','Santitos                                        ','R     ',NULL   )
insert into MOVIES values ('Movie-029        ','Space Cowboys                                   ','PG-13 ',NULL   )
insert into MOVIES values ('Movie-030        ','Spike And Mikes Festival Of Animation 92       ','NA    ',NULL    )
insert into MOVIES values ('Movie-031        ','The Art of War                                  ','R     ',NULL   )
insert into MOVIES values ('Movie-032        ','The Broken Hearts Club                          ','R     ',94     )
insert into MOVIES values ('Movie-033        ','The Cell                                        ','R     ',107    )
insert into MOVIES values ('Movie-034        ','The Contender                                   ','R     ',126    )
insert into MOVIES values ('Movie-035        ','The Eruption Of Mount St.Helens                 ','NA    ',NULL   )
insert into MOVIES values ('Movie-036        ','The Exorcist: The Version Youve Never Seen      ','R     ',132    )
insert into MOVIES values ('Movie-037        ','The Ladies Man                                  ','R     ',84     )
insert into MOVIES values ('Movie-038        ','The Tao of Steve                                ','R     ',88     )
insert into MOVIES values ('Movie-039        ','The Watcher                                     ','R     ',93     )
insert into MOVIES values ('Movie-040        ','Urban Legends: Final Cut                        ','R     ',94     )
insert into MOVIES values ('Movie-041        ','Urbania                                         ','R     ',103    )
insert into MOVIES values ('Movie-042        ','Woman On Top                                    ','R     ',93     )

/* Insert records into DISTRICTS table */

insert into DISTRICTS values ('DistrictCode-0012','THE U DISTRICT     ')
insert into DISTRICTS values ('DistrictCode-0054','DOWNTOWN           ')
insert into DISTRICTS values ('DistrictCode-0010','CAPITOL HILL       ')

/* Insert records into THEATERS table */

insert into THEATERS values ('Theater-Code-009 ','Cineplex Odeon City Centre       ','1420 Fifth Avenue, Suite 375 | Seattle, WA 98101          ','(206) 622-6465'       )
insert into THEATERS values ('Theater-Code-015 ','Cineplex Odeon Northgate         ','10 Northgate Plaza | Seattle, WA 98125                    ','(206) 363-5800'       )
insert into THEATERS values ('Theater-Code-019 ','Cineplex Odeon Uptown            ','511 Queen Anne Avenue North | Seattle, WA 98109           ','(206) 285-1022'       )
insert into THEATERS values ('Theater-Code-027 ','Landmark Varsity Theatre         ','4329 University Way, NE | Seattle, WA 98105               ','(206) 632-3131'       )
insert into THEATERS values ('Theater-Code-028 ','Landmark Seven Gables Theatre    ','911 NE 50th | Seattle, WA 98105                           ','(206) 632-8820'       )
insert into THEATERS values ('Theater-Code-029 ','Landmark Neptune Theatre         ','1303 NE 45th | Seattle, WA 98105                          ','(206) 633-5545'       )
insert into THEATERS values ('Theater-Code-030 ','Landmark Metro Cinemas           ','4500 9th Avenue NE, Suite 200 | Seattle, WA 98105         ','(206) 633-0055'       )
insert into THEATERS values ('Theater-Code-031 ','Landmark Harvard Exit Theatre    ','807 E.Roy | Seattle, WA 98102                             ','(206) 323-8986'       )
insert into THEATERS values ('Theater-Code-032 ','Landmark Guild 45th              ','2115 N. 45th | Seattle, WA 98103                          ','(206) 633-3353'       )
insert into THEATERS values ('Theater-Code-033 ','Landmark Egyptian Theatre        ','801 E. Pine Street | Seattle, WA 98105                    ','(206) 323-4978'       )
insert into THEATERS values ('Theater-Code-035 ','Landmark Broadway Market Cinemas ','425 Broadway East | Seattle, WA 98102                     ','(206) 323-0231'       )
insert into THEATERS values ('Theater-Code-053 ','Cineplex Odeon Meridian          ','1501 7th Avenue | Seattle, WA 98101                       ','(206) 223-9600'       )
insert into THEATERS values ('Theater-Code-059 ','General Cinema Pacific Place 11  ','600 Pine St. #406 | Seattle, WA 98101                     ','(206) 652-2404'       )
insert into THEATERS values ('Theater-Code-065 ','General Cinema Cinerama          ','2100 4th Avenue | Seattle, WA 98121                       ','(206) 441-3080'       )
insert into THEATERS values ('Theater-Code-XXX ','Omnidome                         ','Pier 59 | Seattle, WA 98101                               ','(206) 622-1868'       )
insert into THEATERS values ('Theater-Code-YYY ','Boeing Imax Theater              ','200 Second Ave North | Seattle, WA 98109                  ','(206) 443-4629'       )

/* Insert records into  BELONGS  table */

insert into BELONGS values ('DistrictCode-0012         ','Theater-Code-030     ' )
insert into BELONGS values ('DistrictCode-0012         ','Theater-Code-027     ' )
insert into BELONGS values ('DistrictCode-0012         ','Theater-Code-029     ' )
insert into BELONGS values ('DistrictCode-0012         ','Theater-Code-033     ' )
insert into BELONGS values ('DistrictCode-0012         ','Theater-Code-028     ' )
insert into BELONGS values ('DistrictCode-0012         ','Theater-Code-035     ' )
insert into BELONGS values ('DistrictCode-0012         ','Theater-Code-031     ' )
insert into BELONGS values ('DistrictCode-0012         ','Theater-Code-032     ' )
insert into BELONGS values ('DistrictCode-0012         ','Theater-Code-015     ' )
insert into BELONGS values ('DistrictCode-0012         ','Theater-Code-YYY     ' )
insert into BELONGS values ('DistrictCode-0012         ','Theater-Code-019     ' )
insert into BELONGS values ('DistrictCode-0012         ','Theater-Code-059     ' )
insert into BELONGS values ('DistrictCode-0012         ','Theater-Code-XXX     ' )
insert into BELONGS values ('DistrictCode-0012         ','Theater-Code-009     ' )
insert into BELONGS values ('DistrictCode-0012         ','Theater-Code-053     ' )
insert into BELONGS values ('DistrictCode-0054         ','Theater-Code-053     ' )
insert into BELONGS values ('DistrictCode-0054         ','Theater-Code-XXX     ' )
insert into BELONGS values ('DistrictCode-0054         ','Theater-Code-009     ' )
insert into BELONGS values ('DistrictCode-0054         ','Theater-Code-059     ' )
insert into BELONGS values ('DistrictCode-0054         ','Theater-Code-065     ' )
insert into BELONGS values ('DistrictCode-0054         ','Theater-Code-YYY     ' )
insert into BELONGS values ('DistrictCode-0054         ','Theater-Code-019     ' )
insert into BELONGS values ('DistrictCode-0054         ','Theater-Code-035     ' )
insert into BELONGS values ('DistrictCode-0054         ','Theater-Code-031     ' )
insert into BELONGS values ('DistrictCode-0054         ','Theater-Code-032     ' )
insert into BELONGS values ('DistrictCode-0054         ','Theater-Code-029     ' )
insert into BELONGS values ('DistrictCode-0054         ','Theater-Code-033     ' )
insert into BELONGS values ('DistrictCode-0054         ','Theater-Code-030     ' )
insert into BELONGS values ('DistrictCode-0054         ','Theater-Code-028     ' )
insert into BELONGS values ('DistrictCode-0054         ','Theater-Code-027     ' )
insert into BELONGS values ('DistrictCode-0010         ','Theater-Code-035     ' )
insert into BELONGS values ('DistrictCode-0010         ','Theater-Code-031     ' )
insert into BELONGS values ('DistrictCode-0010         ','Theater-Code-019     ' )
insert into BELONGS values ('DistrictCode-0010         ','Theater-Code-YYY     ' )
insert into BELONGS values ('DistrictCode-0010         ','Theater-Code-009     ' )
insert into BELONGS values ('DistrictCode-0010         ','Theater-Code-059     ' )
insert into BELONGS values ('DistrictCode-0010         ','Theater-Code-053     ' )
insert into BELONGS values ('DistrictCode-0010         ','Theater-Code-XXX     ' )
insert into BELONGS values ('DistrictCode-0010         ','Theater-Code-065     ' )
insert into BELONGS values ('DistrictCode-0010         ','Theater-Code-029     ' )
insert into BELONGS values ('DistrictCode-0010         ','Theater-Code-030     ' )
insert into BELONGS values ('DistrictCode-0010         ','Theater-Code-033     ' )
insert into BELONGS values ('DistrictCode-0010         ','Theater-Code-028     ' )
insert into BELONGS values ('DistrictCode-0010         ','Theater-Code-027     ' )
insert into BELONGS values ('DistrictCode-0010         ','Theater-Code-032     ' )

/* Insert records into SHOWS table */

insert into SHOWS values ('Theater-Code-030     ','Movie-014        ','10/20/2000 1:45:00 PM      ' )
insert into SHOWS values ('Theater-Code-030     ','Movie-014        ','10/20/2000 4:45:00 PM      ' )
insert into SHOWS values ('Theater-Code-030     ','Movie-014        ','10/20/2000 7:15:00 PM      ' )
insert into SHOWS values ('Theater-Code-030     ','Movie-014        ','10/20/2000 9:40:00 PM      ' )
insert into SHOWS values ('Theater-Code-030     ','Movie-026        ','10/20/2000 1:10:00 PM      ' )
insert into SHOWS values ('Theater-Code-030     ','Movie-026        ','10/20/2000 3:40:00 PM      ' )
insert into SHOWS values ('Theater-Code-030     ','Movie-026        ','10/20/2000 4:50:00 PM      ' )
insert into SHOWS values ('Theater-Code-030     ','Movie-026        ','10/20/2000 6:50:00 PM      ' )
insert into SHOWS values ('Theater-Code-030     ','Movie-026        ','10/20/2000 9:10:00 PM      ' )
insert into SHOWS values ('Theater-Code-030     ','Movie-034        ','10/20/2000 1:00:00 PM      ' )
insert into SHOWS values ('Theater-Code-030     ','Movie-034        ','10/20/2000 2:00:00 PM      ' )
insert into SHOWS values ('Theater-Code-030     ','Movie-034        ','10/20/2000 4:00:00 PM      ' )
insert into SHOWS values ('Theater-Code-030     ','Movie-034        ','10/20/2000 7:00:00 PM      ' )
insert into SHOWS values ('Theater-Code-030     ','Movie-034        ','10/20/2000 8:00:00 PM      ' )
insert into SHOWS values ('Theater-Code-030     ','Movie-034        ','10/20/2000 9:50:00 PM      ' )
insert into SHOWS values ('Theater-Code-030     ','Movie-006        ','10/20/2000 4:10:00 PM      ' )
insert into SHOWS values ('Theater-Code-030     ','Movie-006        ','10/20/2000 6:30:00 PM      ' )
insert into SHOWS values ('Theater-Code-030     ','Movie-011        ','10/20/2000 1:30:00 PM      ' )
insert into SHOWS values ('Theater-Code-030     ','Movie-011        ','10/20/2000 4:20:00 PM      ' )
insert into SHOWS values ('Theater-Code-030     ','Movie-011        ','10/20/2000 7:10:00 PM      ' )
insert into SHOWS values ('Theater-Code-030     ','Movie-011        ','10/20/2000 9:45:00 PM      ' )
insert into SHOWS values ('Theater-Code-030     ','Movie-036        ','10/20/2000 1:50:00 PM      ' )
insert into SHOWS values ('Theater-Code-030     ','Movie-036        ','10/20/2000 4:40:00 PM      ' )
insert into SHOWS values ('Theater-Code-030     ','Movie-036        ','10/20/2000 8:30:00 PM      ' )
insert into SHOWS values ('Theater-Code-030     ','Movie-022        ','10/20/2000 1:40:00 PM      ' )
insert into SHOWS values ('Theater-Code-030     ','Movie-022        ','10/20/2000 9:00:00 PM      ' )
insert into SHOWS values ('Theater-Code-030     ','Movie-015        ','10/20/2000 1:15:00 PM      ' )
insert into SHOWS values ('Theater-Code-030     ','Movie-015        ','10/20/2000 3:45:00 PM      ' )
insert into SHOWS values ('Theater-Code-030     ','Movie-015        ','10/20/2000 6:45:00 PM      ' )
insert into SHOWS values ('Theater-Code-030     ','Movie-015        ','10/20/2000 9:15:00 PM      ' )
insert into SHOWS values ('Theater-Code-030     ','Movie-025        ','10/20/2000 1:20:00 PM      ' )
insert into SHOWS values ('Theater-Code-030     ','Movie-025        ','10/20/2000 3:50:00 PM      ' )
insert into SHOWS values ('Theater-Code-030     ','Movie-025        ','10/20/2000 6:40:00 PM      ' )
insert into SHOWS values ('Theater-Code-030     ','Movie-025        ','10/20/2000 9:20:00 PM      ' )
insert into SHOWS values ('Theater-Code-030     ','Movie-038        ','10/20/2000 2:10:00 PM      ' )
insert into SHOWS values ('Theater-Code-030     ','Movie-038        ','10/20/2000 4:30:00 PM      ' )
insert into SHOWS values ('Theater-Code-030     ','Movie-038        ','10/20/2000 7:20:00 PM      ' )
insert into SHOWS values ('Theater-Code-030     ','Movie-038        ','10/20/2000 9:30:00 PM      ' )
insert into SHOWS values ('Theater-Code-027     ','Movie-018        ','10/20/2000 8:00:00 PM      ' )
insert into SHOWS values ('Theater-Code-027     ','Movie-030        ','10/20/2000 8:00:00 PM      ' )
insert into SHOWS values ('Theater-Code-029     ','Movie-005        ','10/20/2000 4:15:00 PM      ' )
insert into SHOWS values ('Theater-Code-029     ','Movie-005        ','10/20/2000 7:15:00 PM      ' )
insert into SHOWS values ('Theater-Code-029     ','Movie-005        ','10/20/2000 9:30:00 PM      ' )
insert into SHOWS values ('Theater-Code-033     ','Movie-027        ','10/20/2000 4:30:00 PM      ' )
insert into SHOWS values ('Theater-Code-033     ','Movie-027        ','10/20/2000 7:00:00 PM      ' )
insert into SHOWS values ('Theater-Code-033     ','Movie-027        ','10/20/2000 9:30:00 PM      ' )
insert into SHOWS values ('Theater-Code-028     ','Movie-008        ','10/20/2000 5:00:00 PM      ' )
insert into SHOWS values ('Theater-Code-028     ','Movie-008        ','10/20/2000 8:00:00 PM      ' )
insert into SHOWS values ('Theater-Code-035     ','Movie-005        ','10/20/2000 1:00:00 PM      ' )
insert into SHOWS values ('Theater-Code-035     ','Movie-005        ','10/20/2000 2:00:00 PM      ' )
insert into SHOWS values ('Theater-Code-035     ','Movie-005        ','10/20/2000 3:00:00 PM      ' )
insert into SHOWS values ('Theater-Code-035     ','Movie-005        ','10/20/2000 4:00:00 PM      ' )
insert into SHOWS values ('Theater-Code-035     ','Movie-005        ','10/20/2000 5:00:00 PM      ' )
insert into SHOWS values ('Theater-Code-035     ','Movie-005        ','10/20/2000 6:00:00 PM      ' )
insert into SHOWS values ('Theater-Code-035     ','Movie-005        ','10/20/2000 7:00:00 PM      ' )
insert into SHOWS values ('Theater-Code-035     ','Movie-005        ','10/20/2000 8:00:00 PM      ' )
insert into SHOWS values ('Theater-Code-035     ','Movie-005        ','10/20/2000 9:00:00 PM      ' )
insert into SHOWS values ('Theater-Code-035     ','Movie-005        ','10/20/2000 10:00:00 PM     ' )
insert into SHOWS values ('Theater-Code-035     ','Movie-028        ','10/20/2000 1:30:00 PM      ' )
insert into SHOWS values ('Theater-Code-035     ','Movie-028        ','10/20/2000 4:30:00 PM      ' )
insert into SHOWS values ('Theater-Code-035     ','Movie-028        ','10/20/2000 7:15:00 PM      ' )
insert into SHOWS values ('Theater-Code-035     ','Movie-028        ','10/20/2000 9:30:00 PM      ' )
insert into SHOWS values ('Theater-Code-035     ','Movie-041        ','10/20/2000 1:15:00 PM      ' )
insert into SHOWS values ('Theater-Code-035     ','Movie-041        ','10/20/2000 4:15:00 PM      ' )
insert into SHOWS values ('Theater-Code-035     ','Movie-041        ','10/20/2000 6:45:00 PM      ' )
insert into SHOWS values ('Theater-Code-035     ','Movie-041        ','10/20/2000 9:15:00 PM      ' )
insert into SHOWS values ('Theater-Code-031     ','Movie-008        ','10/20/2000 4:00:00 PM      ' )
insert into SHOWS values ('Theater-Code-031     ','Movie-008        ','10/20/2000 7:00:00 PM      ' )
insert into SHOWS values ('Theater-Code-031     ','Movie-008        ','10/20/2000 10:00:00 PM     ' )
insert into SHOWS values ('Theater-Code-031     ','Movie-032        ','10/20/2000 4:15:00 PM      ' )
insert into SHOWS values ('Theater-Code-031     ','Movie-032        ','10/20/2000 7:15:00 PM      ' )
insert into SHOWS values ('Theater-Code-031     ','Movie-032        ','10/20/2000 9:30:00 PM      ' )
insert into SHOWS values ('Theater-Code-032     ','Movie-001        ','10/20/2000 4:15:00 PM      ' )
insert into SHOWS values ('Theater-Code-032     ','Movie-001        ','10/20/2000 7:00:00 PM      ' )
insert into SHOWS values ('Theater-Code-032     ','Movie-001        ','10/20/2000 9:45:00 PM      ' )
insert into SHOWS values ('Theater-Code-032     ','Movie-019        ','10/20/2000 5:00:00 PM      ' )
insert into SHOWS values ('Theater-Code-032     ','Movie-019        ','10/20/2000 7:30:00 PM      ' )
insert into SHOWS values ('Theater-Code-032     ','Movie-019        ','10/20/2000 10:00:00 PM     ' )
insert into SHOWS values ('Theater-Code-015     ','Movie-026        ','10/20/2000 4:15:00 PM      ' )
insert into SHOWS values ('Theater-Code-015     ','Movie-026        ','10/20/2000 7:00:00 PM      ' )
insert into SHOWS values ('Theater-Code-015     ','Movie-026        ','10/20/2000 9:45:00 PM      ' )
insert into SHOWS values ('Theater-Code-YYY     ','Movie-017        ','10/20/2000 10:30:00 PM     ' )
insert into SHOWS values ('Theater-Code-YYY     ','Movie-017        ','10/20/2000 11:45:00 PM     ' )
insert into SHOWS values ('Theater-Code-YYY     ','Movie-017        ','10/20/2000 2:15:00 PM      ' )
insert into SHOWS values ('Theater-Code-YYY     ','Movie-017        ','10/20/2000 3:30:00 PM      ' )
insert into SHOWS values ('Theater-Code-YYY     ','Movie-012        ','10/20/2000 7:15:00 PM      ' )
insert into SHOWS values ('Theater-Code-YYY     ','Movie-013        ','10/20/2000 1:00:00 PM      ' )
insert into SHOWS values ('Theater-Code-YYY     ','Movie-013        ','10/20/2000 4:45:00 PM      ' )
insert into SHOWS values ('Theater-Code-YYY     ','Movie-013        ','10/20/2000 6:00:00 PM      ' )
insert into SHOWS values ('Theater-Code-YYY     ','Movie-013        ','10/20/2000 8:30:00 PM      ' )
insert into SHOWS values ('Theater-Code-019     ','Movie-007        ','10/20/2000 5:30:00 PM      ' )
insert into SHOWS values ('Theater-Code-019     ','Movie-024        ','10/20/2000 2:00:00 PM      ' )
insert into SHOWS values ('Theater-Code-019     ','Movie-024        ','10/20/2000 4:15:00 PM      ' )
insert into SHOWS values ('Theater-Code-019     ','Movie-024        ','10/20/2000 6:30:00 PM      ' )
insert into SHOWS values ('Theater-Code-019     ','Movie-024        ','10/20/2000 8:45:00 PM      ' )
insert into SHOWS values ('Theater-Code-019     ','Movie-016        ','10/20/2000 2:15:00 PM      ' )
insert into SHOWS values ('Theater-Code-019     ','Movie-016        ','10/20/2000 4:30:00 PM      ' )
insert into SHOWS values ('Theater-Code-019     ','Movie-016        ','10/20/2000 7:00:00 PM      ' )
insert into SHOWS values ('Theater-Code-019     ','Movie-016        ','10/20/2000 9:15:00 PM      ' )
insert into SHOWS values ('Theater-Code-019     ','Movie-003        ','10/20/2000 2:30:00 PM      ' )
insert into SHOWS values ('Theater-Code-019     ','Movie-003        ','10/20/2000 7:20:00 PM      ' )
insert into SHOWS values ('Theater-Code-019     ','Movie-003        ','10/20/2000 9:30:00 PM      ' )
insert into SHOWS values ('Theater-Code-059     ','Movie-019        ','10/20/2000 11:15:00 PM     ' )
insert into SHOWS values ('Theater-Code-059     ','Movie-019        ','10/20/2000 12:10:00 PM     ' )
insert into SHOWS values ('Theater-Code-059     ','Movie-019        ','10/20/2000 1:40:00 PM      ' )
insert into SHOWS values ('Theater-Code-059     ','Movie-019        ','10/20/2000 2:40:00 PM      ' )
insert into SHOWS values ('Theater-Code-059     ','Movie-019        ','10/20/2000 4:20:00 PM      ' )
insert into SHOWS values ('Theater-Code-059     ','Movie-019        ','10/20/2000 5:20:00 PM      ' )
insert into SHOWS values ('Theater-Code-059     ','Movie-019        ','10/20/2000 7:00:00 PM      ' )
insert into SHOWS values ('Theater-Code-059     ','Movie-019        ','10/20/2000 8:00:00 PM      ' )
insert into SHOWS values ('Theater-Code-059     ','Movie-019        ','10/20/2000 9:40:00 PM      ' )
insert into SHOWS values ('Theater-Code-059     ','Movie-019        ','10/20/2000 10:30:00 PM     ' )
insert into SHOWS values ('Theater-Code-059     ','Movie-026        ','10/20/2000 11:30:00 PM     ' )
insert into SHOWS values ('Theater-Code-059     ','Movie-026        ','10/20/2000 12:30:00 PM     ' )
insert into SHOWS values ('Theater-Code-059     ','Movie-026        ','10/20/2000 1:20:00 PM      ' )
insert into SHOWS values ('Theater-Code-059     ','Movie-026        ','10/20/2000 2:10:00 PM      ' )
insert into SHOWS values ('Theater-Code-059     ','Movie-026        ','10/20/2000 3:10:00 PM      ' )
insert into SHOWS values ('Theater-Code-059     ','Movie-026        ','10/20/2000 4:15:00 PM      ' )
insert into SHOWS values ('Theater-Code-059     ','Movie-026        ','10/20/2000 4:50:00 PM      ' )
insert into SHOWS values ('Theater-Code-059     ','Movie-026        ','10/20/2000 5:50:00 PM      ' )
insert into SHOWS values ('Theater-Code-059     ','Movie-026        ','10/20/2000 6:50:00 PM      ' )
insert into SHOWS values ('Theater-Code-059     ','Movie-026        ','10/20/2000 7:30:00 PM      ' )
insert into SHOWS values ('Theater-Code-059     ','Movie-026        ','10/20/2000 8:30:00 PM      ' )
insert into SHOWS values ('Theater-Code-059     ','Movie-026        ','10/20/2000 9:30:00 PM      ' )
insert into SHOWS values ('Theater-Code-059     ','Movie-026        ','10/20/2000 10:10:00 PM     ' )
insert into SHOWS values ('Theater-Code-059     ','Movie-034        ','10/20/2000 11:10:00 PM     ' )
insert into SHOWS values ('Theater-Code-059     ','Movie-034        ','10/20/2000 1:10:00 PM      ' )
insert into SHOWS values ('Theater-Code-059     ','Movie-034        ','10/20/2000 2:00:00 PM      ' )
insert into SHOWS values ('Theater-Code-059     ','Movie-034        ','10/20/2000 4:10:00 PM      ' )
insert into SHOWS values ('Theater-Code-059     ','Movie-034        ','10/20/2000 5:10:00 PM      ' )
insert into SHOWS values ('Theater-Code-059     ','Movie-034        ','10/20/2000 7:10:00 PM      ' )
insert into SHOWS values ('Theater-Code-059     ','Movie-034        ','10/20/2000 8:10:00 PM      ' )
insert into SHOWS values ('Theater-Code-059     ','Movie-034        ','10/20/2000 10:20:00 PM     ' )
insert into SHOWS values ('Theater-Code-059     ','Movie-029        ','10/20/2000 11:40:00 PM     ' )
insert into SHOWS values ('Theater-Code-059     ','Movie-029        ','10/20/2000 2:20:00 PM      ' )
insert into SHOWS values ('Theater-Code-059     ','Movie-029        ','10/20/2000 5:00:00 PM      ' )
insert into SHOWS values ('Theater-Code-059     ','Movie-029        ','10/20/2000 7:40:00 PM      ' )
insert into SHOWS values ('Theater-Code-059     ','Movie-029        ','10/20/2000 10:25:00 PM     ' )
insert into SHOWS values ('Theater-Code-059     ','Movie-015        ','10/20/2000 12:00:00 PM     ' )
insert into SHOWS values ('Theater-Code-059     ','Movie-015        ','10/20/2000 2:30:00 PM      ' )
insert into SHOWS values ('Theater-Code-059     ','Movie-015        ','10/20/2000 5:15:00 PM      ' )
insert into SHOWS values ('Theater-Code-059     ','Movie-015        ','10/20/2000 7:45:00 PM      ' )
insert into SHOWS values ('Theater-Code-059     ','Movie-015        ','10/20/2000 10:15:00 PM     ' )
insert into SHOWS values ('Theater-Code-059     ','Movie-033        ','10/20/2000 12:45:00 PM     ' )
insert into SHOWS values ('Theater-Code-059     ','Movie-033        ','10/20/2000 3:15:00 PM      ' )
insert into SHOWS values ('Theater-Code-059     ','Movie-033        ','10/20/2000 5:45:00 PM      ' )
insert into SHOWS values ('Theater-Code-059     ','Movie-033        ','10/20/2000 8:15:00 PM      ' )
insert into SHOWS values ('Theater-Code-059     ','Movie-033        ','10/20/2000 10:35:00 PM     ' )
insert into SHOWS values ('Theater-Code-059     ','Movie-031        ','10/20/2000 1:30:00 PM      ' )
insert into SHOWS values ('Theater-Code-059     ','Movie-031        ','10/20/2000 4:00:00 PM      ' )
insert into SHOWS values ('Theater-Code-059     ','Movie-031        ','10/20/2000 7:20:00 PM      ' )
insert into SHOWS values ('Theater-Code-059     ','Movie-031        ','10/20/2000 10:00:00 PM     ' )
insert into SHOWS values ('Theater-Code-XXX     ','Movie-021        ','10/20/2000 12:10:00 PM     ' )
insert into SHOWS values ('Theater-Code-XXX     ','Movie-021        ','10/20/2000 3:10:00 PM      ' )
insert into SHOWS values ('Theater-Code-XXX     ','Movie-021        ','10/20/2000 6:15:00 PM      ' )
insert into SHOWS values ('Theater-Code-XXX     ','Movie-021        ','10/20/2000 7:45:00 PM      ' )
insert into SHOWS values ('Theater-Code-XXX     ','Movie-035        ','10/20/2000 10:00:00 PM     ' )
insert into SHOWS values ('Theater-Code-XXX     ','Movie-035        ','10/20/2000 11:30:00 PM     ' )
insert into SHOWS values ('Theater-Code-XXX     ','Movie-035        ','10/20/2000 1:00:00 PM      ' )
insert into SHOWS values ('Theater-Code-XXX     ','Movie-035        ','10/20/2000 2:30:00 PM      ' )
insert into SHOWS values ('Theater-Code-XXX     ','Movie-035        ','10/20/2000 4:00:00 PM      ' )
insert into SHOWS values ('Theater-Code-XXX     ','Movie-035        ','10/20/2000 5:35:00 PM      ' )
insert into SHOWS values ('Theater-Code-XXX     ','Movie-035        ','10/20/2000 7:05:00 PM      ' )
insert into SHOWS values ('Theater-Code-XXX     ','Movie-002        ','10/20/2000 10:40:00 PM     ' )
insert into SHOWS values ('Theater-Code-XXX     ','Movie-002        ','10/20/2000 1:40:00 PM      ' )
insert into SHOWS values ('Theater-Code-XXX     ','Movie-020        ','10/20/2000 4:40:00 PM      ' )
insert into SHOWS values ('Theater-Code-XXX     ','Movie-020        ','10/20/2000 8:45:00 PM      ' )
insert into SHOWS values ('Theater-Code-009     ','Movie-040        ','10/20/2000 2:00:00 PM      ' )
insert into SHOWS values ('Theater-Code-009     ','Movie-040        ','10/20/2000 4:10:00 PM      ' )
insert into SHOWS values ('Theater-Code-009     ','Movie-040        ','10/20/2000 6:40:00 PM      ' )
insert into SHOWS values ('Theater-Code-009     ','Movie-040        ','10/20/2000 9:00:00 PM      ' )
insert into SHOWS values ('Theater-Code-009     ','Movie-042        ','10/20/2000 2:40:00 PM      ' )
insert into SHOWS values ('Theater-Code-009     ','Movie-042        ','10/20/2000 9:30:00 PM      ' )
insert into SHOWS values ('Theater-Code-053     ','Movie-001        ','10/20/2000 11:35:00 PM     ' )
insert into SHOWS values ('Theater-Code-053     ','Movie-001        ','10/20/2000 12:40:00 PM     ' )
insert into SHOWS values ('Theater-Code-053     ','Movie-001        ','10/20/2000 1:40:00 PM      ' )
insert into SHOWS values ('Theater-Code-053     ','Movie-001        ','10/20/2000 2:20:00 PM      ' )
insert into SHOWS values ('Theater-Code-053     ','Movie-001        ','10/20/2000 3:30:00 PM      ' )
insert into SHOWS values ('Theater-Code-053     ','Movie-001        ','10/20/2000 4:30:00 PM      ' )
insert into SHOWS values ('Theater-Code-053     ','Movie-001        ','10/20/2000 5:30:00 PM      ' )
insert into SHOWS values ('Theater-Code-053     ','Movie-001        ','10/20/2000 6:20:00 PM      ' )
insert into SHOWS values ('Theater-Code-053     ','Movie-001        ','10/20/2000 7:20:00 PM      ' )
insert into SHOWS values ('Theater-Code-053     ','Movie-001        ','10/20/2000 8:20:00 PM      ' )
insert into SHOWS values ('Theater-Code-053     ','Movie-001        ','10/20/2000 9:20:00 PM      ' )
insert into SHOWS values ('Theater-Code-053     ','Movie-001        ','10/20/2000 10:20:00 PM     ' )
insert into SHOWS values ('Theater-Code-053     ','Movie-014        ','10/20/2000 11:20:00 PM     ' )
insert into SHOWS values ('Theater-Code-053     ','Movie-014        ','10/20/2000 12:40:00 PM     ' )
insert into SHOWS values ('Theater-Code-053     ','Movie-014        ','10/20/2000 1:45:00 PM      ' )
insert into SHOWS values ('Theater-Code-053     ','Movie-014        ','10/20/2000 3:10:00 PM      ' )
insert into SHOWS values ('Theater-Code-053     ','Movie-014        ','10/20/2000 4:20:00 PM      ' )
insert into SHOWS values ('Theater-Code-053     ','Movie-014        ','10/20/2000 5:40:00 PM      ' )
insert into SHOWS values ('Theater-Code-053     ','Movie-014        ','10/20/2000 6:50:00 PM      ' )
insert into SHOWS values ('Theater-Code-053     ','Movie-014        ','10/20/2000 8:30:00 PM      ' )
insert into SHOWS values ('Theater-Code-053     ','Movie-014        ','10/20/2000 9:30:00 PM      ' )
insert into SHOWS values ('Theater-Code-053     ','Movie-014        ','10/20/2000 10:50:00 PM     ' )
insert into SHOWS values ('Theater-Code-053     ','Movie-010        ','10/20/2000 11:50:00 PM     ' )
insert into SHOWS values ('Theater-Code-053     ','Movie-010        ','10/20/2000 2:30:00 PM      ' )
insert into SHOWS values ('Theater-Code-053     ','Movie-010        ','10/20/2000 4:50:00 PM      ' )
insert into SHOWS values ('Theater-Code-053     ','Movie-010        ','10/20/2000 7:00:00 PM      ' )
insert into SHOWS values ('Theater-Code-053     ','Movie-010        ','10/20/2000 9:10:00 PM      ' )
insert into SHOWS values ('Theater-Code-053     ','Movie-011        ','10/20/2000 12:10:00 PM     ' )
insert into SHOWS values ('Theater-Code-053     ','Movie-011        ','10/20/2000 1:10:00 PM      ' )
insert into SHOWS values ('Theater-Code-053     ','Movie-011        ','10/20/2000 3:00:00 PM      ' )
insert into SHOWS values ('Theater-Code-053     ','Movie-011        ','10/20/2000 4:00:00 PM      ' )
insert into SHOWS values ('Theater-Code-053     ','Movie-011        ','10/20/2000 6:10:00 PM      ' )
insert into SHOWS values ('Theater-Code-053     ','Movie-011        ','10/20/2000 7:10:00 PM      ' )
insert into SHOWS values ('Theater-Code-053     ','Movie-011        ','10/20/2000 9:00:00 PM      ' )
insert into SHOWS values ('Theater-Code-053     ','Movie-011        ','10/20/2000 10:00:00 PM     ' )
insert into SHOWS values ('Theater-Code-053     ','Movie-018        ','10/20/2000 12:00:00 PM     ' )
insert into SHOWS values ('Theater-Code-053     ','Movie-018        ','10/20/2000 2:40:00 PM      ' )
insert into SHOWS values ('Theater-Code-053     ','Movie-018        ','10/20/2000 5:20:00 PM      ' )
insert into SHOWS values ('Theater-Code-053     ','Movie-018        ','10/20/2000 8:00:00 PM      ' )
insert into SHOWS values ('Theater-Code-053     ','Movie-018        ','10/20/2000 10:40:00 PM     ' )
insert into SHOWS values ('Theater-Code-053     ','Movie-037        ','10/20/2000 11:30:00 PM     ' )
insert into SHOWS values ('Theater-Code-053     ','Movie-037        ','10/20/2000 12:30:00 PM     ' )
insert into SHOWS values ('Theater-Code-053     ','Movie-037        ','10/20/2000 1:50:00 PM      ' )
insert into SHOWS values ('Theater-Code-053     ','Movie-037        ','10/20/2000 2:50:00 PM      ' )
insert into SHOWS values ('Theater-Code-053     ','Movie-037        ','10/20/2000 4:10:00 PM      ' )
insert into SHOWS values ('Theater-Code-053     ','Movie-037        ','10/20/2000 5:10:00 PM      ' )
insert into SHOWS values ('Theater-Code-053     ','Movie-037        ','10/20/2000 6:30:00 PM      ' )
insert into SHOWS values ('Theater-Code-053     ','Movie-037        ','10/20/2000 7:30:00 PM      ' )
insert into SHOWS values ('Theater-Code-053     ','Movie-037        ','10/20/2000 8:50:00 PM      ' )
insert into SHOWS values ('Theater-Code-053     ','Movie-037        ','10/20/2000 9:50:00 PM      ' )
insert into SHOWS values ('Theater-Code-053     ','Movie-006        ','10/20/2000 11:40:00 PM     ' )
insert into SHOWS values ('Theater-Code-053     ','Movie-006        ','10/20/2000 2:00:00 PM      ' )
insert into SHOWS values ('Theater-Code-053     ','Movie-006        ','10/20/2000 4:40:00 PM      ' )
insert into SHOWS values ('Theater-Code-053     ','Movie-006        ','10/20/2000 7:45:00 PM      ' )
insert into SHOWS values ('Theater-Code-053     ','Movie-006        ','10/20/2000 10:10:00 PM     ' )
insert into SHOWS values ('Theater-Code-053     ','Movie-022        ','10/20/2000 11:10:00 PM     ' )
insert into SHOWS values ('Theater-Code-053     ','Movie-022        ','10/20/2000 2:10:00 PM      ' )
insert into SHOWS values ('Theater-Code-053     ','Movie-022        ','10/20/2000 5:00:00 PM      ' )
insert into SHOWS values ('Theater-Code-053     ','Movie-022        ','10/20/2000 7:40:00 PM      ' )
insert into SHOWS values ('Theater-Code-053     ','Movie-022        ','10/20/2000 10:30:00 PM     ' )
insert into SHOWS values ('Theater-Code-053     ','Movie-004        ','10/20/2000 1:00:00 PM      ' )
insert into SHOWS values ('Theater-Code-053     ','Movie-004        ','10/20/2000 3:50:00 PM      ' )
insert into SHOWS values ('Theater-Code-053     ','Movie-004        ','10/20/2000 6:40:00 PM      ' )
insert into SHOWS values ('Theater-Code-053     ','Movie-004        ','10/20/2000 9:40:00 PM      ' )
insert into SHOWS values ('Theater-Code-053     ','Movie-039        ','10/20/2000 1:20:00 PM      ' )
insert into SHOWS values ('Theater-Code-053     ','Movie-039        ','10/20/2000 3:40:00 PM      ' )
insert into SHOWS values ('Theater-Code-053     ','Movie-039        ','10/20/2000 5:50:00 PM      ' )
insert into SHOWS values ('Theater-Code-053     ','Movie-039        ','10/20/2000 8:40:00 PM      ' )
insert into SHOWS values ('Theater-Code-053     ','Movie-039        ','10/20/2000 11:00:00 PM     ' )
insert into SHOWS values ('Theater-Code-053     ','Movie-023        ','10/20/2000 1:30:00 PM      ' )
insert into SHOWS values ('Theater-Code-053     ','Movie-023        ','10/20/2000 4:15:00 PM      ' )
insert into SHOWS values ('Theater-Code-053     ','Movie-023        ','10/20/2000 7:05:00 PM      ' )
insert into SHOWS values ('Theater-Code-053     ','Movie-023        ','10/20/2000 9:45:00 PM      ' )
insert into SHOWS values ('Theater-Code-053     ','Movie-014        ','10/20/2000 11:20:00 PM     ' )
insert into SHOWS values ('Theater-Code-053     ','Movie-014        ','10/20/2000 12:40:00 PM     ' )
insert into SHOWS values ('Theater-Code-053     ','Movie-014        ','10/20/2000 1:45:00 PM      ' )
insert into SHOWS values ('Theater-Code-053     ','Movie-014        ','10/20/2000 3:10:00 PM      ' )
insert into SHOWS values ('Theater-Code-053     ','Movie-014        ','10/20/2000 4:20:00 PM      ' )
insert into SHOWS values ('Theater-Code-053     ','Movie-014        ','10/20/2000 5:40:00 PM      ' )
insert into SHOWS values ('Theater-Code-053     ','Movie-014        ','10/20/2000 6:50:00 PM      ' )
insert into SHOWS values ('Theater-Code-053     ','Movie-014        ','10/20/2000 8:30:00 PM      ' )
insert into SHOWS values ('Theater-Code-053     ','Movie-014        ','10/20/2000 9:30:00 PM      ' )
insert into SHOWS values ('Theater-Code-053     ','Movie-014        ','10/20/2000 10:50:00 PM     ' )
insert into SHOWS values ('Theater-Code-053     ','Movie-010        ','10/20/2000 11:50:00 PM     ' )
insert into SHOWS values ('Theater-Code-053     ','Movie-010        ','10/20/2000 2:30:00 PM      ' )
insert into SHOWS values ('Theater-Code-053     ','Movie-010        ','10/20/2000 4:50:00 PM      ' )
insert into SHOWS values ('Theater-Code-053     ','Movie-010        ','10/20/2000 7:00:00 PM      ' )
insert into SHOWS values ('Theater-Code-053     ','Movie-010        ','10/20/2000 9:10:00 PM      ' )
insert into SHOWS values ('Theater-Code-053     ','Movie-001        ','10/20/2000 11:35:00 PM     ' )
insert into SHOWS values ('Theater-Code-053     ','Movie-001        ','10/20/2000 12:40:00 PM     ' )
insert into SHOWS values ('Theater-Code-053     ','Movie-001        ','10/20/2000 1:40:00 PM      ' )
insert into SHOWS values ('Theater-Code-053     ','Movie-001        ','10/20/2000 2:20:00 PM      ' )
insert into SHOWS values ('Theater-Code-053     ','Movie-001        ','10/20/2000 3:30:00 PM      ' )
insert into SHOWS values ('Theater-Code-053     ','Movie-001        ','10/20/2000 4:30:00 PM      ' )
insert into SHOWS values ('Theater-Code-053     ','Movie-001        ','10/20/2000 5:30:00 PM      ' )
insert into SHOWS values ('Theater-Code-053     ','Movie-001        ','10/20/2000 6:20:00 PM      ' )
insert into SHOWS values ('Theater-Code-053     ','Movie-001        ','10/20/2000 7:20:00 PM      ' )
insert into SHOWS values ('Theater-Code-053     ','Movie-001        ','10/20/2000 8:20:00 PM      ' )
insert into SHOWS values ('Theater-Code-053     ','Movie-001        ','10/20/2000 9:20:00 PM      ' )
insert into SHOWS values ('Theater-Code-053     ','Movie-001        ','10/20/2000 10:20:00 PM     ' )
insert into SHOWS values ('Theater-Code-053     ','Movie-006        ','10/20/2000 11:40:00 PM     ' )
insert into SHOWS values ('Theater-Code-053     ','Movie-006        ','10/20/2000 2:00:00 PM      ' )
insert into SHOWS values ('Theater-Code-053     ','Movie-006        ','10/20/2000 4:40:00 PM      ' )
insert into SHOWS values ('Theater-Code-053     ','Movie-006        ','10/20/2000 7:45:00 PM      ' )
insert into SHOWS values ('Theater-Code-053     ','Movie-006        ','10/20/2000 10:10:00 PM     ' )
insert into SHOWS values ('Theater-Code-053     ','Movie-011        ','10/20/2000 12:10:00 PM     ' )
insert into SHOWS values ('Theater-Code-053     ','Movie-011        ','10/20/2000 1:10:00 PM      ' )
insert into SHOWS values ('Theater-Code-053     ','Movie-011        ','10/20/2000 3:00:00 PM      ' )
insert into SHOWS values ('Theater-Code-053     ','Movie-011        ','10/20/2000 4:00:00 PM      ' )
insert into SHOWS values ('Theater-Code-053     ','Movie-011        ','10/20/2000 6:10:00 PM      ' )
insert into SHOWS values ('Theater-Code-053     ','Movie-011        ','10/20/2000 7:10:00 PM      ' )
insert into SHOWS values ('Theater-Code-053     ','Movie-011        ','10/20/2000 9:00:00 PM      ' )
insert into SHOWS values ('Theater-Code-053     ','Movie-011        ','10/20/2000 10:00:00 PM     ' )
insert into SHOWS values ('Theater-Code-053     ','Movie-018        ','10/20/2000 12:00:00 PM     ' )
insert into SHOWS values ('Theater-Code-053     ','Movie-018        ','10/20/2000 2:40:00 PM      ' )
insert into SHOWS values ('Theater-Code-053     ','Movie-018        ','10/20/2000 5:20:00 PM      ' )
insert into SHOWS values ('Theater-Code-053     ','Movie-018        ','10/20/2000 8:00:00 PM      ' )
insert into SHOWS values ('Theater-Code-053     ','Movie-018        ','10/20/2000 10:40:00 PM     ' )
insert into SHOWS values ('Theater-Code-053     ','Movie-037        ','10/20/2000 11:30:00 PM     ' )
insert into SHOWS values ('Theater-Code-053     ','Movie-037        ','10/20/2000 12:30:00 PM     ' )
insert into SHOWS values ('Theater-Code-053     ','Movie-037        ','10/20/2000 1:50:00 PM      ' )
insert into SHOWS values ('Theater-Code-053     ','Movie-037        ','10/20/2000 2:50:00 PM      ' )
insert into SHOWS values ('Theater-Code-053     ','Movie-037        ','10/20/2000 4:10:00 PM      ' )
insert into SHOWS values ('Theater-Code-053     ','Movie-037        ','10/20/2000 5:10:00 PM      ' )
insert into SHOWS values ('Theater-Code-053     ','Movie-037        ','10/20/2000 6:30:00 PM      ' )
insert into SHOWS values ('Theater-Code-053     ','Movie-037        ','10/20/2000 7:30:00 PM      ' )
insert into SHOWS values ('Theater-Code-053     ','Movie-037        ','10/20/2000 8:50:00 PM      ' )
insert into SHOWS values ('Theater-Code-053     ','Movie-037        ','10/20/2000 9:50:00 PM      ' )
insert into SHOWS values ('Theater-Code-053     ','Movie-039        ','10/20/2000 1:20:00 PM      ' )
insert into SHOWS values ('Theater-Code-053     ','Movie-039        ','10/20/2000 3:40:00 PM      ' )
insert into SHOWS values ('Theater-Code-053     ','Movie-039        ','10/20/2000 5:50:00 PM      ' )
insert into SHOWS values ('Theater-Code-053     ','Movie-039        ','10/20/2000 8:40:00 PM      ' )
insert into SHOWS values ('Theater-Code-053     ','Movie-039        ','10/20/2000 11:00:00 PM     ' )
insert into SHOWS values ('Theater-Code-053     ','Movie-022        ','10/20/2000 11:10:00 PM     ' )
insert into SHOWS values ('Theater-Code-053     ','Movie-022        ','10/20/2000 2:10:00 PM      ' )
insert into SHOWS values ('Theater-Code-053     ','Movie-022        ','10/20/2000 5:00:00 PM      ' )
insert into SHOWS values ('Theater-Code-053     ','Movie-022        ','10/20/2000 7:40:00 PM      ' )
insert into SHOWS values ('Theater-Code-053     ','Movie-022        ','10/20/2000 10:30:00 PM     ' )
insert into SHOWS values ('Theater-Code-053     ','Movie-004        ','10/20/2000 1:00:00 PM      ' )
insert into SHOWS values ('Theater-Code-053     ','Movie-004        ','10/20/2000 3:50:00 PM      ' )
insert into SHOWS values ('Theater-Code-053     ','Movie-004        ','10/20/2000 6:40:00 PM      ' )
insert into SHOWS values ('Theater-Code-053     ','Movie-004        ','10/20/2000 9:40:00 PM      ' )
insert into SHOWS values ('Theater-Code-053     ','Movie-023        ','10/20/2000 1:30:00 PM      ' )
insert into SHOWS values ('Theater-Code-053     ','Movie-023        ','10/20/2000 4:15:00 PM      ' )
insert into SHOWS values ('Theater-Code-053     ','Movie-023        ','10/20/2000 7:05:00 PM      ' )
insert into SHOWS values ('Theater-Code-053     ','Movie-023        ','10/20/2000 9:45:00 PM      ' )
insert into SHOWS values ('Theater-Code-XXX     ','Movie-021        ','10/20/2000 12:10:00 PM     ' )
insert into SHOWS values ('Theater-Code-XXX     ','Movie-021        ','10/20/2000 3:10:00 PM      ' )
insert into SHOWS values ('Theater-Code-XXX     ','Movie-021        ','10/20/2000 6:15:00 PM      ' )
insert into SHOWS values ('Theater-Code-XXX     ','Movie-021        ','10/20/2000 7:45:00 PM      ' )
insert into SHOWS values ('Theater-Code-XXX     ','Movie-035        ','10/20/2000 10:00:00 PM     ' )
insert into SHOWS values ('Theater-Code-XXX     ','Movie-035        ','10/20/2000 11:30:00 PM     ' )
insert into SHOWS values ('Theater-Code-XXX     ','Movie-035        ','10/20/2000 1:00:00 PM      ' )
insert into SHOWS values ('Theater-Code-XXX     ','Movie-035        ','10/20/2000 2:30:00 PM      ' )
insert into SHOWS values ('Theater-Code-XXX     ','Movie-035        ','10/20/2000 4:00:00 PM      ' )
insert into SHOWS values ('Theater-Code-XXX     ','Movie-035        ','10/20/2000 5:35:00 PM      ' )
insert into SHOWS values ('Theater-Code-XXX     ','Movie-035        ','10/20/2000 7:05:00 PM      ' )
insert into SHOWS values ('Theater-Code-XXX     ','Movie-002        ','10/20/2000 10:40:00 PM     ' )
insert into SHOWS values ('Theater-Code-XXX     ','Movie-002        ','10/20/2000 1:40:00 PM      ' )
insert into SHOWS values ('Theater-Code-XXX     ','Movie-020        ','10/20/2000 4:40:00 PM      ' )
insert into SHOWS values ('Theater-Code-XXX     ','Movie-020        ','10/20/2000 8:45:00 PM      ' )
insert into SHOWS values ('Theater-Code-009     ','Movie-040        ','10/20/2000 2:00:00 PM      ' )
insert into SHOWS values ('Theater-Code-009     ','Movie-040        ','10/20/2000 4:10:00 PM      ' )
insert into SHOWS values ('Theater-Code-009     ','Movie-040        ','10/20/2000 6:40:00 PM      ' )
insert into SHOWS values ('Theater-Code-009     ','Movie-040        ','10/20/2000 9:00:00 PM      ' )
insert into SHOWS values ('Theater-Code-009     ','Movie-042        ','10/20/2000 2:40:00 PM      ' )
insert into SHOWS values ('Theater-Code-009     ','Movie-042        ','10/20/2000 9:30:00 PM      ' )
insert into SHOWS values ('Theater-Code-059     ','Movie-019        ','10/20/2000 11:15:00 PM     ' )
insert into SHOWS values ('Theater-Code-059     ','Movie-019        ','10/20/2000 12:10:00 PM     ' )
insert into SHOWS values ('Theater-Code-059     ','Movie-019        ','10/20/2000 1:40:00 PM      ' )
insert into SHOWS values ('Theater-Code-059     ','Movie-019        ','10/20/2000 2:40:00 PM      ' )
insert into SHOWS values ('Theater-Code-059     ','Movie-019        ','10/20/2000 4:20:00 PM      ' )
insert into SHOWS values ('Theater-Code-059     ','Movie-019        ','10/20/2000 5:20:00 PM      ' )
insert into SHOWS values ('Theater-Code-059     ','Movie-019        ','10/20/2000 7:00:00 PM      ' )
insert into SHOWS values ('Theater-Code-059     ','Movie-019        ','10/20/2000 8:00:00 PM      ' )
insert into SHOWS values ('Theater-Code-059     ','Movie-019        ','10/20/2000 9:40:00 PM      ' )
insert into SHOWS values ('Theater-Code-059     ','Movie-019        ','10/20/2000 10:30:00 PM     ' )
insert into SHOWS values ('Theater-Code-059     ','Movie-026        ','10/20/2000 11:30:00 PM     ' )
insert into SHOWS values ('Theater-Code-059     ','Movie-026        ','10/20/2000 12:30:00 PM     ' )
insert into SHOWS values ('Theater-Code-059     ','Movie-026        ','10/20/2000 1:20:00 PM      ' )
insert into SHOWS values ('Theater-Code-059     ','Movie-026        ','10/20/2000 2:10:00 PM      ' )
insert into SHOWS values ('Theater-Code-059     ','Movie-026        ','10/20/2000 3:10:00 PM      ' )
insert into SHOWS values ('Theater-Code-059     ','Movie-026        ','10/20/2000 4:15:00 PM      ' )
insert into SHOWS values ('Theater-Code-059     ','Movie-026        ','10/20/2000 4:50:00 PM      ' )
insert into SHOWS values ('Theater-Code-059     ','Movie-026        ','10/20/2000 5:50:00 PM      ' )
insert into SHOWS values ('Theater-Code-059     ','Movie-026        ','10/20/2000 6:50:00 PM      ' )
insert into SHOWS values ('Theater-Code-059     ','Movie-026        ','10/20/2000 7:30:00 PM      ' )
insert into SHOWS values ('Theater-Code-059     ','Movie-026        ','10/20/2000 8:30:00 PM      ' )
insert into SHOWS values ('Theater-Code-059     ','Movie-026        ','10/20/2000 9:30:00 PM      ' )
insert into SHOWS values ('Theater-Code-059     ','Movie-026        ','10/20/2000 10:10:00 PM     ' )
insert into SHOWS values ('Theater-Code-059     ','Movie-034        ','10/20/2000 11:10:00 PM     ' )
insert into SHOWS values ('Theater-Code-059     ','Movie-034        ','10/20/2000 1:10:00 PM      ' )
insert into SHOWS values ('Theater-Code-059     ','Movie-034        ','10/20/2000 2:00:00 PM      ' )
insert into SHOWS values ('Theater-Code-059     ','Movie-034        ','10/20/2000 4:10:00 PM      ' )
insert into SHOWS values ('Theater-Code-059     ','Movie-034        ','10/20/2000 5:10:00 PM      ' )
insert into SHOWS values ('Theater-Code-059     ','Movie-034        ','10/20/2000 7:10:00 PM      ' )
insert into SHOWS values ('Theater-Code-059     ','Movie-034        ','10/20/2000 8:10:00 PM      ' )
insert into SHOWS values ('Theater-Code-059     ','Movie-034        ','10/20/2000 10:20:00 PM     ' )
insert into SHOWS values ('Theater-Code-059     ','Movie-029        ','10/20/2000 11:40:00 PM     ' )
insert into SHOWS values ('Theater-Code-059     ','Movie-029        ','10/20/2000 2:20:00 PM      ' )
insert into SHOWS values ('Theater-Code-059     ','Movie-029        ','10/20/2000 5:00:00 PM      ' )
insert into SHOWS values ('Theater-Code-059     ','Movie-029        ','10/20/2000 7:40:00 PM      ' )
insert into SHOWS values ('Theater-Code-059     ','Movie-029        ','10/20/2000 10:25:00 PM     ' )
insert into SHOWS values ('Theater-Code-059     ','Movie-033        ','10/20/2000 12:45:00 PM     ' )
insert into SHOWS values ('Theater-Code-059     ','Movie-033        ','10/20/2000 3:15:00 PM      ' )
insert into SHOWS values ('Theater-Code-059     ','Movie-033        ','10/20/2000 5:45:00 PM      ' )
insert into SHOWS values ('Theater-Code-059     ','Movie-033        ','10/20/2000 8:15:00 PM      ' )
insert into SHOWS values ('Theater-Code-059     ','Movie-033        ','10/20/2000 10:35:00 PM     ' )
insert into SHOWS values ('Theater-Code-059     ','Movie-015        ','10/20/2000 12:00:00 PM     ' )
insert into SHOWS values ('Theater-Code-059     ','Movie-015        ','10/20/2000 2:30:00 PM      ' )
insert into SHOWS values ('Theater-Code-059     ','Movie-015        ','10/20/2000 5:15:00 PM      ' )
insert into SHOWS values ('Theater-Code-059     ','Movie-015        ','10/20/2000 7:45:00 PM      ' )
insert into SHOWS values ('Theater-Code-059     ','Movie-015        ','10/20/2000 10:15:00 PM     ' )
insert into SHOWS values ('Theater-Code-059     ','Movie-031        ','10/20/2000 1:30:00 PM      ' )
insert into SHOWS values ('Theater-Code-059     ','Movie-031        ','10/20/2000 4:00:00 PM      ' )
insert into SHOWS values ('Theater-Code-059     ','Movie-031        ','10/20/2000 7:20:00 PM      ' )
insert into SHOWS values ('Theater-Code-059     ','Movie-031        ','10/20/2000 10:00:00 PM     ' )
insert into SHOWS values ('Theater-Code-065     ','Movie-036        ','10/20/2000 1:00:00 PM      ' )
insert into SHOWS values ('Theater-Code-065     ','Movie-036        ','10/20/2000 4:00:00 PM      ' )
insert into SHOWS values ('Theater-Code-065     ','Movie-036        ','10/20/2000 7:00:00 PM      ' )
insert into SHOWS values ('Theater-Code-065     ','Movie-036        ','10/20/2000 10:00:00 PM     ' )
insert into SHOWS values ('Theater-Code-YYY     ','Movie-017        ','10/20/2000 10:30:00 PM     ' )
insert into SHOWS values ('Theater-Code-YYY     ','Movie-017        ','10/20/2000 11:45:00 PM     ' )
insert into SHOWS values ('Theater-Code-YYY     ','Movie-017        ','10/20/2000 2:15:00 PM      ' )
insert into SHOWS values ('Theater-Code-YYY     ','Movie-017        ','10/20/2000 3:30:00 PM      ' )
insert into SHOWS values ('Theater-Code-YYY     ','Movie-012        ','10/20/2000 7:15:00 PM      ' )
insert into SHOWS values ('Theater-Code-YYY     ','Movie-013        ','10/20/2000 1:00:00 PM      ' )
insert into SHOWS values ('Theater-Code-YYY     ','Movie-013        ','10/20/2000 4:45:00 PM      ' )
insert into SHOWS values ('Theater-Code-YYY     ','Movie-013        ','10/20/2000 6:00:00 PM      ' )
insert into SHOWS values ('Theater-Code-YYY     ','Movie-013        ','10/20/2000 8:30:00 PM      ' )
insert into SHOWS values ('Theater-Code-019     ','Movie-007        ','10/20/2000 5:30:00 PM      ' )
insert into SHOWS values ('Theater-Code-019     ','Movie-024        ','10/20/2000 2:00:00 PM      ' )
insert into SHOWS values ('Theater-Code-019     ','Movie-024        ','10/20/2000 4:15:00 PM      ' )
insert into SHOWS values ('Theater-Code-019     ','Movie-024        ','10/20/2000 6:30:00 PM      ' )
insert into SHOWS values ('Theater-Code-019     ','Movie-024        ','10/20/2000 8:45:00 PM      ' )
insert into SHOWS values ('Theater-Code-019     ','Movie-016        ','10/20/2000 2:15:00 PM      ' )
insert into SHOWS values ('Theater-Code-019     ','Movie-016        ','10/20/2000 4:30:00 PM      ' )
insert into SHOWS values ('Theater-Code-019     ','Movie-016        ','10/20/2000 7:00:00 PM      ' )
insert into SHOWS values ('Theater-Code-019     ','Movie-016        ','10/20/2000 9:15:00 PM      ' )
insert into SHOWS values ('Theater-Code-019     ','Movie-003        ','10/20/2000 2:30:00 PM      ' )
insert into SHOWS values ('Theater-Code-019     ','Movie-003        ','10/20/2000 7:20:00 PM      ' )
insert into SHOWS values ('Theater-Code-019     ','Movie-003        ','10/20/2000 9:30:00 PM      ' )
insert into SHOWS values ('Theater-Code-035     ','Movie-005        ','10/20/2000 1:00:00 PM      ' )
insert into SHOWS values ('Theater-Code-035     ','Movie-005        ','10/20/2000 2:00:00 PM      ' )
insert into SHOWS values ('Theater-Code-035     ','Movie-005        ','10/20/2000 3:00:00 PM      ' )
insert into SHOWS values ('Theater-Code-035     ','Movie-005        ','10/20/2000 4:00:00 PM      ' )
insert into SHOWS values ('Theater-Code-035     ','Movie-005        ','10/20/2000 5:00:00 PM      ' )
insert into SHOWS values ('Theater-Code-035     ','Movie-005        ','10/20/2000 6:00:00 PM      ' )
insert into SHOWS values ('Theater-Code-035     ','Movie-005        ','10/20/2000 7:00:00 PM      ' )
insert into SHOWS values ('Theater-Code-035     ','Movie-005        ','10/20/2000 8:00:00 PM      ' )
insert into SHOWS values ('Theater-Code-035     ','Movie-005        ','10/20/2000 9:00:00 PM      ' )
insert into SHOWS values ('Theater-Code-035     ','Movie-005        ','10/20/2000 10:00:00 PM     ' )
insert into SHOWS values ('Theater-Code-035     ','Movie-028        ','10/20/2000 1:30:00 PM      ' )
insert into SHOWS values ('Theater-Code-035     ','Movie-028        ','10/20/2000 4:30:00 PM      ' )
insert into SHOWS values ('Theater-Code-035     ','Movie-028        ','10/20/2000 7:15:00 PM      ' )
insert into SHOWS values ('Theater-Code-035     ','Movie-028        ','10/20/2000 9:30:00 PM      ' )
insert into SHOWS values ('Theater-Code-035     ','Movie-041        ','10/20/2000 1:15:00 PM      ' )
insert into SHOWS values ('Theater-Code-035     ','Movie-041        ','10/20/2000 4:15:00 PM      ' )
insert into SHOWS values ('Theater-Code-035     ','Movie-041        ','10/20/2000 6:45:00 PM      ' )
insert into SHOWS values ('Theater-Code-035     ','Movie-041        ','10/20/2000 9:15:00 PM      ' )
insert into SHOWS values ('Theater-Code-031     ','Movie-008        ','10/20/2000 4:00:00 PM      ' )
insert into SHOWS values ('Theater-Code-031     ','Movie-008        ','10/20/2000 7:00:00 PM      ' )
insert into SHOWS values ('Theater-Code-031     ','Movie-008        ','10/20/2000 10:00:00 PM     ' )
insert into SHOWS values ('Theater-Code-031     ','Movie-032        ','10/20/2000 4:15:00 PM      ' )
insert into SHOWS values ('Theater-Code-031     ','Movie-032        ','10/20/2000 7:15:00 PM      ' )
insert into SHOWS values ('Theater-Code-031     ','Movie-032        ','10/20/2000 9:30:00 PM      ' )
insert into SHOWS values ('Theater-Code-032     ','Movie-019        ','10/20/2000 5:00:00 PM      ' )
insert into SHOWS values ('Theater-Code-032     ','Movie-019        ','10/20/2000 7:30:00 PM      ' )
insert into SHOWS values ('Theater-Code-032     ','Movie-019        ','10/20/2000 10:00:00 PM     ' )
insert into SHOWS values ('Theater-Code-032     ','Movie-001        ','10/20/2000 4:15:00 PM      ' )
insert into SHOWS values ('Theater-Code-032     ','Movie-001        ','10/20/2000 7:00:00 PM      ' )
insert into SHOWS values ('Theater-Code-032     ','Movie-001        ','10/20/2000 9:45:00 PM      ' )
insert into SHOWS values ('Theater-Code-029     ','Movie-005        ','10/20/2000 4:15:00 PM      ' )
insert into SHOWS values ('Theater-Code-029     ','Movie-005        ','10/20/2000 7:15:00 PM      ' )
insert into SHOWS values ('Theater-Code-029     ','Movie-005        ','10/20/2000 9:30:00 PM      ' )
insert into SHOWS values ('Theater-Code-033     ','Movie-027        ','10/20/2000 4:30:00 PM      ' )
insert into SHOWS values ('Theater-Code-033     ','Movie-027        ','10/20/2000 7:00:00 PM      ' )
insert into SHOWS values ('Theater-Code-033     ','Movie-027        ','10/20/2000 9:30:00 PM      ' )
insert into SHOWS values ('Theater-Code-030     ','Movie-014        ','10/20/2000 1:45:00 PM      ' )
insert into SHOWS values ('Theater-Code-030     ','Movie-014        ','10/20/2000 4:45:00 PM      ' )
insert into SHOWS values ('Theater-Code-030     ','Movie-014        ','10/20/2000 7:15:00 PM      ' )
insert into SHOWS values ('Theater-Code-030     ','Movie-014        ','10/20/2000 9:40:00 PM      ' )
insert into SHOWS values ('Theater-Code-030     ','Movie-026        ','10/20/2000 1:10:00 PM      ' )
insert into SHOWS values ('Theater-Code-030     ','Movie-026        ','10/20/2000 3:40:00 PM      ' )
insert into SHOWS values ('Theater-Code-030     ','Movie-026        ','10/20/2000 4:50:00 PM      ' )
insert into SHOWS values ('Theater-Code-030     ','Movie-026        ','10/20/2000 6:50:00 PM      ' )
insert into SHOWS values ('Theater-Code-030     ','Movie-026        ','10/20/2000 9:10:00 PM      ' )
insert into SHOWS values ('Theater-Code-030     ','Movie-034        ','10/20/2000 1:00:00 PM      ' )
insert into SHOWS values ('Theater-Code-030     ','Movie-034        ','10/20/2000 2:00:00 PM      ' )
insert into SHOWS values ('Theater-Code-030     ','Movie-034        ','10/20/2000 4:00:00 PM      ' )
insert into SHOWS values ('Theater-Code-030     ','Movie-034        ','10/20/2000 7:00:00 PM      ' )
insert into SHOWS values ('Theater-Code-030     ','Movie-034        ','10/20/2000 8:00:00 PM      ' )
insert into SHOWS values ('Theater-Code-030     ','Movie-034        ','10/20/2000 9:50:00 PM      ' )
insert into SHOWS values ('Theater-Code-030     ','Movie-006        ','10/20/2000 4:10:00 PM      ' )
insert into SHOWS values ('Theater-Code-030     ','Movie-006        ','10/20/2000 6:30:00 PM      ' )
insert into SHOWS values ('Theater-Code-030     ','Movie-011        ','10/20/2000 1:30:00 PM      ' )
insert into SHOWS values ('Theater-Code-030     ','Movie-011        ','10/20/2000 4:20:00 PM      ' )
insert into SHOWS values ('Theater-Code-030     ','Movie-011        ','10/20/2000 7:10:00 PM      ' )
insert into SHOWS values ('Theater-Code-030     ','Movie-011        ','10/20/2000 9:45:00 PM      ' )
insert into SHOWS values ('Theater-Code-030     ','Movie-036        ','10/20/2000 1:50:00 PM      ' )
insert into SHOWS values ('Theater-Code-030     ','Movie-036        ','10/20/2000 4:40:00 PM      ' )
insert into SHOWS values ('Theater-Code-030     ','Movie-036        ','10/20/2000 8:30:00 PM      ' )
insert into SHOWS values ('Theater-Code-030     ','Movie-022        ','10/20/2000 1:40:00 PM      ' )
insert into SHOWS values ('Theater-Code-030     ','Movie-022        ','10/20/2000 9:00:00 PM      ' )
insert into SHOWS values ('Theater-Code-030     ','Movie-015        ','10/20/2000 1:15:00 PM      ' )
insert into SHOWS values ('Theater-Code-030     ','Movie-015        ','10/20/2000 3:45:00 PM      ' )
insert into SHOWS values ('Theater-Code-030     ','Movie-015        ','10/20/2000 6:45:00 PM      ' )
insert into SHOWS values ('Theater-Code-030     ','Movie-015        ','10/20/2000 9:15:00 PM      ' )
insert into SHOWS values ('Theater-Code-030     ','Movie-025        ','10/20/2000 1:20:00 PM      ' )
insert into SHOWS values ('Theater-Code-030     ','Movie-025        ','10/20/2000 3:50:00 PM      ' )
insert into SHOWS values ('Theater-Code-030     ','Movie-025        ','10/20/2000 6:40:00 PM      ' )
insert into SHOWS values ('Theater-Code-030     ','Movie-025        ','10/20/2000 9:20:00 PM      ' )
insert into SHOWS values ('Theater-Code-030     ','Movie-038        ','10/20/2000 2:10:00 PM      ' )
insert into SHOWS values ('Theater-Code-030     ','Movie-038        ','10/20/2000 4:30:00 PM      ' )
insert into SHOWS values ('Theater-Code-030     ','Movie-038        ','10/20/2000 7:20:00 PM      ' )
insert into SHOWS values ('Theater-Code-030     ','Movie-038        ','10/20/2000 9:30:00 PM      ' )
insert into SHOWS values ('Theater-Code-028     ','Movie-008        ','10/20/2000 5:00:00 PM      ' )
insert into SHOWS values ('Theater-Code-028     ','Movie-008        ','10/20/2000 8:00:00 PM      ' )
insert into SHOWS values ('Theater-Code-027     ','Movie-018        ','10/20/2000 8:00:00 PM      ' )
insert into SHOWS values ('Theater-Code-027     ','Movie-030        ','10/20/2000 8:00:00 PM      ' )
insert into SHOWS values ('Theater-Code-035     ','Movie-005        ','10/20/2000 1:00:00 PM      ' )
insert into SHOWS values ('Theater-Code-035     ','Movie-005        ','10/20/2000 2:00:00 PM      ' )
insert into SHOWS values ('Theater-Code-035     ','Movie-005        ','10/20/2000 3:00:00 PM      ' )
insert into SHOWS values ('Theater-Code-035     ','Movie-005        ','10/20/2000 4:00:00 PM      ' )
insert into SHOWS values ('Theater-Code-035     ','Movie-005        ','10/20/2000 5:00:00 PM      ' )
insert into SHOWS values ('Theater-Code-035     ','Movie-005        ','10/20/2000 6:00:00 PM      ' )
insert into SHOWS values ('Theater-Code-035     ','Movie-005        ','10/20/2000 7:00:00 PM      ' )
insert into SHOWS values ('Theater-Code-035     ','Movie-005        ','10/20/2000 8:00:00 PM      ' )
insert into SHOWS values ('Theater-Code-035     ','Movie-005        ','10/20/2000 9:00:00 PM      ' )
insert into SHOWS values ('Theater-Code-035     ','Movie-005        ','10/20/2000 10:00:00 PM     ' )
insert into SHOWS values ('Theater-Code-035     ','Movie-028        ','10/20/2000 1:30:00 PM      ' )
insert into SHOWS values ('Theater-Code-035     ','Movie-028        ','10/20/2000 4:30:00 PM      ' )
insert into SHOWS values ('Theater-Code-035     ','Movie-028        ','10/20/2000 7:15:00 PM      ' )
insert into SHOWS values ('Theater-Code-035     ','Movie-028        ','10/20/2000 9:30:00 PM      ' )
insert into SHOWS values ('Theater-Code-035     ','Movie-041        ','10/20/2000 1:15:00 PM      ' )
insert into SHOWS values ('Theater-Code-035     ','Movie-041        ','10/20/2000 4:15:00 PM      ' )
insert into SHOWS values ('Theater-Code-035     ','Movie-041        ','10/20/2000 6:45:00 PM      ' )
insert into SHOWS values ('Theater-Code-035     ','Movie-041        ','10/20/2000 9:15:00 PM      ' )
insert into SHOWS values ('Theater-Code-031     ','Movie-008        ','10/20/2000 4:00:00 PM      ' )
insert into SHOWS values ('Theater-Code-031     ','Movie-008        ','10/20/2000 7:00:00 PM      ' )
insert into SHOWS values ('Theater-Code-031     ','Movie-008        ','10/20/2000 10:00:00 PM     ' )
insert into SHOWS values ('Theater-Code-031     ','Movie-032        ','10/20/2000 4:15:00 PM      ' )
insert into SHOWS values ('Theater-Code-031     ','Movie-032        ','10/20/2000 7:15:00 PM      ' )
insert into SHOWS values ('Theater-Code-031     ','Movie-032        ','10/20/2000 9:30:00 PM      ' )
insert into SHOWS values ('Theater-Code-019     ','Movie-007        ','10/20/2000 5:30:00 PM      ' )
insert into SHOWS values ('Theater-Code-019     ','Movie-024        ','10/20/2000 2:00:00 PM      ' )
insert into SHOWS values ('Theater-Code-019     ','Movie-024        ','10/20/2000 4:15:00 PM      ' )
insert into SHOWS values ('Theater-Code-019     ','Movie-024        ','10/20/2000 6:30:00 PM      ' )
insert into SHOWS values ('Theater-Code-019     ','Movie-024        ','10/20/2000 8:45:00 PM      ' )
insert into SHOWS values ('Theater-Code-019     ','Movie-016        ','10/20/2000 2:15:00 PM      ' )
insert into SHOWS values ('Theater-Code-019     ','Movie-016        ','10/20/2000 4:30:00 PM      ' )
insert into SHOWS values ('Theater-Code-019     ','Movie-016        ','10/20/2000 7:00:00 PM      ' )
insert into SHOWS values ('Theater-Code-019     ','Movie-016        ','10/20/2000 9:15:00 PM      ' )
insert into SHOWS values ('Theater-Code-019     ','Movie-003        ','10/20/2000 2:30:00 PM      ' )
insert into SHOWS values ('Theater-Code-019     ','Movie-003        ','10/20/2000 7:20:00 PM      ' )
insert into SHOWS values ('Theater-Code-019     ','Movie-003        ','10/20/2000 9:30:00 PM      ' )
insert into SHOWS values ('Theater-Code-YYY     ','Movie-017        ','10/20/2000 10:30:00 PM     ' )
insert into SHOWS values ('Theater-Code-YYY     ','Movie-017        ','10/20/2000 11:45:00 PM     ' )
insert into SHOWS values ('Theater-Code-YYY     ','Movie-017        ','10/20/2000 2:15:00 PM      ' )
insert into SHOWS values ('Theater-Code-YYY     ','Movie-017        ','10/20/2000 3:30:00 PM      ' )
insert into SHOWS values ('Theater-Code-YYY     ','Movie-012        ','10/20/2000 7:15:00 PM      ' )
insert into SHOWS values ('Theater-Code-YYY     ','Movie-013        ','10/20/2000 1:00:00 PM      ' )
insert into SHOWS values ('Theater-Code-YYY     ','Movie-013        ','10/20/2000 4:45:00 PM      ' )
insert into SHOWS values ('Theater-Code-YYY     ','Movie-013        ','10/20/2000 6:00:00 PM      ' )
insert into SHOWS values ('Theater-Code-YYY     ','Movie-013        ','10/20/2000 8:30:00 PM      ' )
insert into SHOWS values ('Theater-Code-009     ','Movie-040        ','10/20/2000 2:00:00 PM      ' )
insert into SHOWS values ('Theater-Code-009     ','Movie-040        ','10/20/2000 4:10:00 PM      ' )
insert into SHOWS values ('Theater-Code-009     ','Movie-040        ','10/20/2000 6:40:00 PM      ' )
insert into SHOWS values ('Theater-Code-009     ','Movie-040        ','10/20/2000 9:00:00 PM      ' )
insert into SHOWS values ('Theater-Code-009     ','Movie-042        ','10/20/2000 2:40:00 PM      ' )
insert into SHOWS values ('Theater-Code-009     ','Movie-042        ','10/20/2000 9:30:00 PM      ' )
insert into SHOWS values ('Theater-Code-059     ','Movie-019        ','10/20/2000 11:15:00 PM     ' )
insert into SHOWS values ('Theater-Code-059     ','Movie-019        ','10/20/2000 12:10:00 PM     ' )
insert into SHOWS values ('Theater-Code-059     ','Movie-019        ','10/20/2000 1:40:00 PM      ' )
insert into SHOWS values ('Theater-Code-059     ','Movie-019        ','10/20/2000 2:40:00 PM      ' )
insert into SHOWS values ('Theater-Code-059     ','Movie-019        ','10/20/2000 4:20:00 PM      ' )
insert into SHOWS values ('Theater-Code-059     ','Movie-019        ','10/20/2000 5:20:00 PM      ' )
insert into SHOWS values ('Theater-Code-059     ','Movie-019        ','10/20/2000 7:00:00 PM      ' )
insert into SHOWS values ('Theater-Code-059     ','Movie-019        ','10/20/2000 8:00:00 PM      ' )
insert into SHOWS values ('Theater-Code-059     ','Movie-019        ','10/20/2000 9:40:00 PM      ' )
insert into SHOWS values ('Theater-Code-059     ','Movie-019        ','10/20/2000 10:30:00 PM     ' )
insert into SHOWS values ('Theater-Code-059     ','Movie-026        ','10/20/2000 11:30:00 PM     ' )
insert into SHOWS values ('Theater-Code-059     ','Movie-026        ','10/20/2000 12:30:00 PM     ' )
insert into SHOWS values ('Theater-Code-059     ','Movie-026        ','10/20/2000 1:20:00 PM      ' )
insert into SHOWS values ('Theater-Code-059     ','Movie-026        ','10/20/2000 2:10:00 PM      ' )
insert into SHOWS values ('Theater-Code-059     ','Movie-026        ','10/20/2000 3:10:00 PM      ' )
insert into SHOWS values ('Theater-Code-059     ','Movie-026        ','10/20/2000 4:15:00 PM      ' )
insert into SHOWS values ('Theater-Code-059     ','Movie-026        ','10/20/2000 4:50:00 PM      ' )
insert into SHOWS values ('Theater-Code-059     ','Movie-026        ','10/20/2000 5:50:00 PM      ' )
insert into SHOWS values ('Theater-Code-059     ','Movie-026        ','10/20/2000 6:50:00 PM      ' )
insert into SHOWS values ('Theater-Code-059     ','Movie-026        ','10/20/2000 7:30:00 PM      ' )
insert into SHOWS values ('Theater-Code-059     ','Movie-026        ','10/20/2000 8:30:00 PM      ' )
insert into SHOWS values ('Theater-Code-059     ','Movie-026        ','10/20/2000 9:30:00 PM      ' )
insert into SHOWS values ('Theater-Code-059     ','Movie-026        ','10/20/2000 10:10:00 PM     ' )
insert into SHOWS values ('Theater-Code-059     ','Movie-034        ','10/20/2000 11:10:00 PM     ' )
insert into SHOWS values ('Theater-Code-059     ','Movie-034        ','10/20/2000 1:10:00 PM      ' )
insert into SHOWS values ('Theater-Code-059     ','Movie-034        ','10/20/2000 2:00:00 PM      ' )
insert into SHOWS values ('Theater-Code-059     ','Movie-034        ','10/20/2000 4:10:00 PM      ' )
insert into SHOWS values ('Theater-Code-059     ','Movie-034        ','10/20/2000 5:10:00 PM      ' )
insert into SHOWS values ('Theater-Code-059     ','Movie-034        ','10/20/2000 7:10:00 PM      ' )
insert into SHOWS values ('Theater-Code-059     ','Movie-034        ','10/20/2000 8:10:00 PM      ' )
insert into SHOWS values ('Theater-Code-059     ','Movie-034        ','10/20/2000 10:20:00 PM     ' )
insert into SHOWS values ('Theater-Code-059     ','Movie-029        ','10/20/2000 11:40:00 PM     ' )
insert into SHOWS values ('Theater-Code-059     ','Movie-029        ','10/20/2000 2:20:00 PM      ' )
insert into SHOWS values ('Theater-Code-059     ','Movie-029        ','10/20/2000 5:00:00 PM      ' )
insert into SHOWS values ('Theater-Code-059     ','Movie-029        ','10/20/2000 7:40:00 PM      ' )
insert into SHOWS values ('Theater-Code-059     ','Movie-029        ','10/20/2000 10:25:00 PM     ' )
insert into SHOWS values ('Theater-Code-059     ','Movie-033        ','10/20/2000 12:45:00 PM     ' )
insert into SHOWS values ('Theater-Code-059     ','Movie-033        ','10/20/2000 3:15:00 PM      ' )
insert into SHOWS values ('Theater-Code-059     ','Movie-033        ','10/20/2000 5:45:00 PM      ' )
insert into SHOWS values ('Theater-Code-059     ','Movie-033        ','10/20/2000 8:15:00 PM      ' )
insert into SHOWS values ('Theater-Code-059     ','Movie-033        ','10/20/2000 10:35:00 PM     ' )
insert into SHOWS values ('Theater-Code-059     ','Movie-015        ','10/20/2000 12:00:00 PM     ' )
insert into SHOWS values ('Theater-Code-059     ','Movie-015        ','10/20/2000 2:30:00 PM      ' )
insert into SHOWS values ('Theater-Code-059     ','Movie-015        ','10/20/2000 5:15:00 PM      ' )
insert into SHOWS values ('Theater-Code-059     ','Movie-015        ','10/20/2000 7:45:00 PM      ' )
insert into SHOWS values ('Theater-Code-059     ','Movie-015        ','10/20/2000 10:15:00 PM     ' )
insert into SHOWS values ('Theater-Code-059     ','Movie-031        ','10/20/2000 1:30:00 PM      ' )
insert into SHOWS values ('Theater-Code-059     ','Movie-031        ','10/20/2000 4:00:00 PM      ' )
insert into SHOWS values ('Theater-Code-059     ','Movie-031        ','10/20/2000 7:20:00 PM      ' )
insert into SHOWS values ('Theater-Code-059     ','Movie-031        ','10/20/2000 10:00:00 PM     ' )
insert into SHOWS values ('Theater-Code-053     ','Movie-014        ','10/20/2000 11:20:00 PM     ' )
insert into SHOWS values ('Theater-Code-053     ','Movie-014        ','10/20/2000 12:40:00 PM     ' )
insert into SHOWS values ('Theater-Code-053     ','Movie-014        ','10/20/2000 1:45:00 PM      ' )
insert into SHOWS values ('Theater-Code-053     ','Movie-014        ','10/20/2000 3:10:00 PM      ' )
insert into SHOWS values ('Theater-Code-053     ','Movie-014        ','10/20/2000 4:20:00 PM      ' )
insert into SHOWS values ('Theater-Code-053     ','Movie-014        ','10/20/2000 5:40:00 PM      ' )
insert into SHOWS values ('Theater-Code-053     ','Movie-014        ','10/20/2000 6:50:00 PM      ' )
insert into SHOWS values ('Theater-Code-053     ','Movie-014        ','10/20/2000 8:30:00 PM      ' )
insert into SHOWS values ('Theater-Code-053     ','Movie-014        ','10/20/2000 9:30:00 PM      ' )
insert into SHOWS values ('Theater-Code-053     ','Movie-014        ','10/20/2000 10:50:00 PM     ' )
insert into SHOWS values ('Theater-Code-053     ','Movie-010        ','10/20/2000 11:50:00 PM     ' )
insert into SHOWS values ('Theater-Code-053     ','Movie-010        ','10/20/2000 2:30:00 PM      ' )
insert into SHOWS values ('Theater-Code-053     ','Movie-010        ','10/20/2000 4:50:00 PM      ' )
insert into SHOWS values ('Theater-Code-053     ','Movie-010        ','10/20/2000 7:00:00 PM      ' )
insert into SHOWS values ('Theater-Code-053     ','Movie-010        ','10/20/2000 9:10:00 PM      ' )
insert into SHOWS values ('Theater-Code-053     ','Movie-001        ','10/20/2000 11:35:00 PM     ' )
insert into SHOWS values ('Theater-Code-053     ','Movie-001        ','10/20/2000 12:40:00 PM     ' )
insert into SHOWS values ('Theater-Code-053     ','Movie-001        ','10/20/2000 1:40:00 PM      ' )
insert into SHOWS values ('Theater-Code-053     ','Movie-001        ','10/20/2000 2:20:00 PM      ' )
insert into SHOWS values ('Theater-Code-053     ','Movie-001        ','10/20/2000 3:30:00 PM      ' )
insert into SHOWS values ('Theater-Code-053     ','Movie-001        ','10/20/2000 4:30:00 PM      ' )
insert into SHOWS values ('Theater-Code-053     ','Movie-001        ','10/20/2000 5:30:00 PM      ' )
insert into SHOWS values ('Theater-Code-053     ','Movie-001        ','10/20/2000 6:20:00 PM      ' )
insert into SHOWS values ('Theater-Code-053     ','Movie-001        ','10/20/2000 7:20:00 PM      ' )
insert into SHOWS values ('Theater-Code-053     ','Movie-001        ','10/20/2000 8:20:00 PM      ' )
insert into SHOWS values ('Theater-Code-053     ','Movie-001        ','10/20/2000 9:20:00 PM      ' )
insert into SHOWS values ('Theater-Code-053     ','Movie-001        ','10/20/2000 10:20:00 PM     ' )
insert into SHOWS values ('Theater-Code-053     ','Movie-006        ','10/20/2000 11:40:00 PM     ' )
insert into SHOWS values ('Theater-Code-053     ','Movie-006        ','10/20/2000 2:00:00 PM      ' )
insert into SHOWS values ('Theater-Code-053     ','Movie-006        ','10/20/2000 4:40:00 PM      ' )
insert into SHOWS values ('Theater-Code-053     ','Movie-006        ','10/20/2000 7:45:00 PM      ' )
insert into SHOWS values ('Theater-Code-053     ','Movie-006        ','10/20/2000 10:10:00 PM     ' )
insert into SHOWS values ('Theater-Code-053     ','Movie-011        ','10/20/2000 12:10:00 PM     ' )
insert into SHOWS values ('Theater-Code-053     ','Movie-011        ','10/20/2000 1:10:00 PM      ' )
insert into SHOWS values ('Theater-Code-053     ','Movie-011        ','10/20/2000 3:00:00 PM      ' )
insert into SHOWS values ('Theater-Code-053     ','Movie-011        ','10/20/2000 4:00:00 PM      ' )
insert into SHOWS values ('Theater-Code-053     ','Movie-011        ','10/20/2000 6:10:00 PM      ' )
insert into SHOWS values ('Theater-Code-053     ','Movie-011        ','10/20/2000 7:10:00 PM      ' )
insert into SHOWS values ('Theater-Code-053     ','Movie-011        ','10/20/2000 9:00:00 PM      ' )
insert into SHOWS values ('Theater-Code-053     ','Movie-011        ','10/20/2000 10:00:00 PM     ' )
insert into SHOWS values ('Theater-Code-053     ','Movie-018        ','10/20/2000 12:00:00 PM     ' )
insert into SHOWS values ('Theater-Code-053     ','Movie-018        ','10/20/2000 2:40:00 PM      ' )
insert into SHOWS values ('Theater-Code-053     ','Movie-018        ','10/20/2000 5:20:00 PM      ' )
insert into SHOWS values ('Theater-Code-053     ','Movie-018        ','10/20/2000 8:00:00 PM      ' )
insert into SHOWS values ('Theater-Code-053     ','Movie-018        ','10/20/2000 10:40:00 PM     ' )
insert into SHOWS values ('Theater-Code-053     ','Movie-037        ','10/20/2000 11:30:00 PM     ' )
insert into SHOWS values ('Theater-Code-053     ','Movie-037        ','10/20/2000 12:30:00 PM     ' )
insert into SHOWS values ('Theater-Code-053     ','Movie-037        ','10/20/2000 1:50:00 PM      ' )
insert into SHOWS values ('Theater-Code-053     ','Movie-037        ','10/20/2000 2:50:00 PM      ' )
insert into SHOWS values ('Theater-Code-053     ','Movie-037        ','10/20/2000 4:10:00 PM      ' )
insert into SHOWS values ('Theater-Code-053     ','Movie-037        ','10/20/2000 5:10:00 PM      ' )
insert into SHOWS values ('Theater-Code-053     ','Movie-037        ','10/20/2000 6:30:00 PM      ' )
insert into SHOWS values ('Theater-Code-053     ','Movie-037        ','10/20/2000 7:30:00 PM      ' )
insert into SHOWS values ('Theater-Code-053     ','Movie-037        ','10/20/2000 8:50:00 PM      ' )
insert into SHOWS values ('Theater-Code-053     ','Movie-037        ','10/20/2000 9:50:00 PM      ' )
insert into SHOWS values ('Theater-Code-053     ','Movie-039        ','10/20/2000 1:20:00 PM      ' )
insert into SHOWS values ('Theater-Code-053     ','Movie-039        ','10/20/2000 3:40:00 PM      ' )
insert into SHOWS values ('Theater-Code-053     ','Movie-039        ','10/20/2000 5:50:00 PM      ' )
insert into SHOWS values ('Theater-Code-053     ','Movie-039        ','10/20/2000 8:40:00 PM      ' )
insert into SHOWS values ('Theater-Code-053     ','Movie-039        ','10/20/2000 11:00:00 PM     ' )
insert into SHOWS values ('Theater-Code-053     ','Movie-022        ','10/20/2000 11:10:00 PM     ' )
insert into SHOWS values ('Theater-Code-053     ','Movie-022        ','10/20/2000 2:10:00 PM      ' )
insert into SHOWS values ('Theater-Code-053     ','Movie-022        ','10/20/2000 5:00:00 PM      ' )
insert into SHOWS values ('Theater-Code-053     ','Movie-022        ','10/20/2000 7:40:00 PM      ' )
insert into SHOWS values ('Theater-Code-053     ','Movie-022        ','10/20/2000 10:30:00 PM     ' )
insert into SHOWS values ('Theater-Code-053     ','Movie-004        ','10/20/2000 1:00:00 PM      ' )
insert into SHOWS values ('Theater-Code-053     ','Movie-004        ','10/20/2000 3:50:00 PM      ' )
insert into SHOWS values ('Theater-Code-053     ','Movie-004        ','10/20/2000 6:40:00 PM      ' )
insert into SHOWS values ('Theater-Code-053     ','Movie-004        ','10/20/2000 9:40:00 PM      ' )
insert into SHOWS values ('Theater-Code-053     ','Movie-023        ','10/20/2000 1:30:00 PM      ' )
insert into SHOWS values ('Theater-Code-053     ','Movie-023        ','10/20/2000 4:15:00 PM      ' )
insert into SHOWS values ('Theater-Code-053     ','Movie-023        ','10/20/2000 7:05:00 PM      ' )
insert into SHOWS values ('Theater-Code-053     ','Movie-023        ','10/20/2000 9:45:00 PM      ' )
insert into SHOWS values ('Theater-Code-XXX     ','Movie-021        ','10/20/2000 12:10:00 PM     ' )
insert into SHOWS values ('Theater-Code-XXX     ','Movie-021        ','10/20/2000 3:10:00 PM      ' )
insert into SHOWS values ('Theater-Code-XXX     ','Movie-021        ','10/20/2000 6:15:00 PM      ' )
insert into SHOWS values ('Theater-Code-XXX     ','Movie-021        ','10/20/2000 7:45:00 PM      ' )
insert into SHOWS values ('Theater-Code-XXX     ','Movie-035        ','10/20/2000 10:00:00 PM     ' )
insert into SHOWS values ('Theater-Code-XXX     ','Movie-035        ','10/20/2000 11:30:00 PM     ' )
insert into SHOWS values ('Theater-Code-XXX     ','Movie-035        ','10/20/2000 1:00:00 PM      ' )
insert into SHOWS values ('Theater-Code-XXX     ','Movie-035        ','10/20/2000 2:30:00 PM      ' )
insert into SHOWS values ('Theater-Code-XXX     ','Movie-035        ','10/20/2000 4:00:00 PM      ' )
insert into SHOWS values ('Theater-Code-XXX     ','Movie-035        ','10/20/2000 5:35:00 PM      ' )
insert into SHOWS values ('Theater-Code-XXX     ','Movie-035        ','10/20/2000 7:05:00 PM      ' )
insert into SHOWS values ('Theater-Code-XXX     ','Movie-002        ','10/20/2000 10:40:00 PM     ' )
insert into SHOWS values ('Theater-Code-XXX     ','Movie-002        ','10/20/2000 1:40:00 PM      ' )
insert into SHOWS values ('Theater-Code-XXX     ','Movie-020        ','10/20/2000 4:40:00 PM      ' )
insert into SHOWS values ('Theater-Code-XXX     ','Movie-020        ','10/20/2000 8:45:00 PM      ' )
insert into SHOWS values ('Theater-Code-065     ','Movie-036        ','10/20/2000 1:00:00 PM      ' )
insert into SHOWS values ('Theater-Code-065     ','Movie-036        ','10/20/2000 4:00:00 PM      ' )
insert into SHOWS values ('Theater-Code-065     ','Movie-036        ','10/20/2000 7:00:00 PM      ' )
insert into SHOWS values ('Theater-Code-065     ','Movie-036        ','10/20/2000 10:00:00 PM     ' )
insert into SHOWS values ('Theater-Code-029     ','Movie-005        ','10/20/2000 4:15:00 PM      ' )
insert into SHOWS values ('Theater-Code-029     ','Movie-005        ','10/20/2000 7:15:00 PM      ' )
insert into SHOWS values ('Theater-Code-029     ','Movie-005        ','10/20/2000 9:30:00 PM      ' )
insert into SHOWS values ('Theater-Code-030     ','Movie-014        ','10/20/2000 1:45:00 PM      ' )
insert into SHOWS values ('Theater-Code-030     ','Movie-014        ','10/20/2000 4:45:00 PM      ' )
insert into SHOWS values ('Theater-Code-030     ','Movie-014        ','10/20/2000 7:15:00 PM      ' )
insert into SHOWS values ('Theater-Code-030     ','Movie-014        ','10/20/2000 9:40:00 PM      ' )
insert into SHOWS values ('Theater-Code-030     ','Movie-026        ','10/20/2000 1:10:00 PM      ' )
insert into SHOWS values ('Theater-Code-030     ','Movie-026        ','10/20/2000 3:40:00 PM      ' )
insert into SHOWS values ('Theater-Code-030     ','Movie-026        ','10/20/2000 4:50:00 PM      ' )
insert into SHOWS values ('Theater-Code-030     ','Movie-026        ','10/20/2000 6:50:00 PM      ' )
insert into SHOWS values ('Theater-Code-030     ','Movie-026        ','10/20/2000 9:10:00 PM      ' )
insert into SHOWS values ('Theater-Code-030     ','Movie-034        ','10/20/2000 1:00:00 PM      ' )
insert into SHOWS values ('Theater-Code-030     ','Movie-034        ','10/20/2000 2:00:00 PM      ' )
insert into SHOWS values ('Theater-Code-030     ','Movie-034        ','10/20/2000 4:00:00 PM      ' )
insert into SHOWS values ('Theater-Code-030     ','Movie-034        ','10/20/2000 7:00:00 PM      ' )
insert into SHOWS values ('Theater-Code-030     ','Movie-034        ','10/20/2000 8:00:00 PM      ' )
insert into SHOWS values ('Theater-Code-030     ','Movie-034        ','10/20/2000 9:50:00 PM      ' )
insert into SHOWS values ('Theater-Code-030     ','Movie-006        ','10/20/2000 4:10:00 PM      ' )
insert into SHOWS values ('Theater-Code-030     ','Movie-006        ','10/20/2000 6:30:00 PM      ' )
insert into SHOWS values ('Theater-Code-030     ','Movie-011        ','10/20/2000 1:30:00 PM      ' )
insert into SHOWS values ('Theater-Code-030     ','Movie-011        ','10/20/2000 4:20:00 PM      ' )
insert into SHOWS values ('Theater-Code-030     ','Movie-011        ','10/20/2000 7:10:00 PM      ' )
insert into SHOWS values ('Theater-Code-030     ','Movie-011        ','10/20/2000 9:45:00 PM      ' )
insert into SHOWS values ('Theater-Code-030     ','Movie-036        ','10/20/2000 1:50:00 PM      ' )
insert into SHOWS values ('Theater-Code-030     ','Movie-036        ','10/20/2000 4:40:00 PM      ' )
insert into SHOWS values ('Theater-Code-030     ','Movie-036        ','10/20/2000 8:30:00 PM      ' )
insert into SHOWS values ('Theater-Code-030     ','Movie-022        ','10/20/2000 1:40:00 PM      ' )
insert into SHOWS values ('Theater-Code-030     ','Movie-022        ','10/20/2000 9:00:00 PM      ' )
insert into SHOWS values ('Theater-Code-030     ','Movie-015        ','10/20/2000 1:15:00 PM      ' )
insert into SHOWS values ('Theater-Code-030     ','Movie-015        ','10/20/2000 3:45:00 PM      ' )
insert into SHOWS values ('Theater-Code-030     ','Movie-015        ','10/20/2000 6:45:00 PM      ' )
insert into SHOWS values ('Theater-Code-030     ','Movie-015        ','10/20/2000 9:15:00 PM      ' )
insert into SHOWS values ('Theater-Code-030     ','Movie-025        ','10/20/2000 1:20:00 PM      ' )
insert into SHOWS values ('Theater-Code-030     ','Movie-025        ','10/20/2000 3:50:00 PM      ' )
insert into SHOWS values ('Theater-Code-030     ','Movie-025        ','10/20/2000 6:40:00 PM      ' )
insert into SHOWS values ('Theater-Code-030     ','Movie-025        ','10/20/2000 9:20:00 PM      ' )
insert into SHOWS values ('Theater-Code-030     ','Movie-038        ','10/20/2000 2:10:00 PM      ' )
insert into SHOWS values ('Theater-Code-030     ','Movie-038        ','10/20/2000 4:30:00 PM      ' )
insert into SHOWS values ('Theater-Code-030     ','Movie-038        ','10/20/2000 7:20:00 PM      ' )
insert into SHOWS values ('Theater-Code-030     ','Movie-038        ','10/20/2000 9:30:00 PM      ' )
insert into SHOWS values ('Theater-Code-033     ','Movie-027        ','10/20/2000 4:30:00 PM      ' )
insert into SHOWS values ('Theater-Code-033     ','Movie-027        ','10/20/2000 7:00:00 PM      ' )
insert into SHOWS values ('Theater-Code-033     ','Movie-027        ','10/20/2000 9:30:00 PM      ' )
insert into SHOWS values ('Theater-Code-028     ','Movie-008        ','10/20/2000 5:00:00 PM      ' )
insert into SHOWS values ('Theater-Code-028     ','Movie-008        ','10/20/2000 8:00:00 PM      ' )
insert into SHOWS values ('Theater-Code-027     ','Movie-018        ','10/20/2000 8:00:00 PM      ' )
insert into SHOWS values ('Theater-Code-027     ','Movie-030        ','10/20/2000 8:00:00 PM      ' )
insert into SHOWS values ('Theater-Code-027     ','Movie-009        ','10/20/2000 8:00:00 PM      ' )
insert into SHOWS values ('Theater-Code-032     ','Movie-001        ','10/20/2000 4:15:00 PM      ' )
insert into SHOWS values ('Theater-Code-032     ','Movie-001        ','10/20/2000 7:00:00 PM      ' )
insert into SHOWS values ('Theater-Code-032     ','Movie-001        ','10/20/2000 9:45:00 PM      ' )
insert into SHOWS values ('Theater-Code-032     ','Movie-019        ','10/20/2000 5:00:00 PM      ' )
insert into SHOWS values ('Theater-Code-032     ','Movie-019        ','10/20/2000 7:30:00 PM      ' )
insert into SHOWS values ('Theater-Code-032     ','Movie-019        ','10/20/2000 10:00:00 PM     ' )

